CRAN Package Check Results for Package foqat

Last updated on 2022-01-19 04:48:24 CET.

Flavor Version Tinstall Tcheck Ttotal Status Flags
r-devel-linux-x86_64-debian-clang 1.7.1 9.33 87.37 96.70 OK
r-devel-linux-x86_64-debian-gcc 1.7.1 8.41 66.68 75.09 OK
r-devel-linux-x86_64-fedora-clang 1.7.1 117.43 NOTE
r-devel-linux-x86_64-fedora-gcc 1.7.1 106.28 NOTE
r-devel-windows-x86_64-new-UL 1.7.1 37.00 103.00 140.00 OK
r-devel-windows-x86_64-new-TK 1.7.1 NOTE
r-patched-linux-x86_64 1.7.1 9.77 83.88 93.65 OK
r-release-linux-x86_64 1.7.1 OK
r-release-macos-arm64 1.7.1 NOTE
r-release-macos-x86_64 1.7.1 NOTE
r-release-windows-ix86+x86_64 1.7.1 22.00 98.00 120.00 OK
r-oldrel-macos-x86_64 1.7.1 NOTE
r-oldrel-windows-ix86+x86_64 1.7.1 22.00 99.00 121.00 OK

Check Details

Version: 1.7.1
Check: dependencies in R code
Result: NOTE
    Namespace in Imports field not imported from: ‘ggprism’
     All declared Imports should be used.
Flavors: r-devel-linux-x86_64-fedora-clang, r-devel-linux-x86_64-fedora-gcc, r-devel-windows-x86_64-new-TK, r-release-macos-arm64, r-release-macos-x86_64, r-oldrel-macos-x86_64