CRAN Package Check Results for Package foreach

Last updated on 2019-12-14 00:54:04 CET.

Flavor Version Tinstall Tcheck Ttotal Status Flags
r-devel-linux-x86_64-debian-clang 1.4.7 2.62 41.35 43.97 OK
r-devel-linux-x86_64-debian-gcc 1.4.7 2.32 32.63 34.95 OK
r-devel-linux-x86_64-fedora-clang 1.4.7 52.75 OK
r-devel-linux-x86_64-fedora-gcc 1.4.7 54.62 OK
r-devel-windows-ix86+x86_64 1.4.7 6.00 136.00 142.00 NOTE
r-devel-windows-ix86+x86_64-gcc8 1.4.7 7.00 133.00 140.00 NOTE
r-patched-linux-x86_64 1.4.7 2.12 37.72 39.84 OK
r-patched-solaris-x86 1.4.7 59.20 OK
r-release-linux-x86_64 1.4.7 2.23 37.73 39.96 OK
r-release-windows-ix86+x86_64 1.4.7 6.00 114.00 120.00 NOTE
r-release-osx-x86_64 1.4.7 OK
r-oldrel-windows-ix86+x86_64 1.4.7 4.00 117.00 121.00 NOTE
r-oldrel-osx-x86_64 1.4.7 OK

Check Details

Version: 1.4.7
Check: package dependencies
Result: NOTE
    Package which this enhances but not available for checking: 'doMC'
Flavors: r-devel-windows-ix86+x86_64, r-devel-windows-ix86+x86_64-gcc8, r-release-windows-ix86+x86_64, r-oldrel-windows-ix86+x86_64