CRAN Package Check Results for Package forecast

Last updated on 2019-08-22 07:48:43 CEST.

Flavor Version Tinstall Tcheck Ttotal Status Flags
r-devel-linux-x86_64-debian-clang 8.8 105.07 326.26 431.33 OK
r-devel-linux-x86_64-debian-gcc 8.8 83.27 238.21 321.48 OK
r-devel-linux-x86_64-fedora-clang 8.8 386.99 NOTE
r-devel-linux-x86_64-fedora-gcc 8.8 384.72 OK
r-devel-windows-ix86+x86_64 8.8 333.00 743.00 1076.00 OK
r-patched-linux-x86_64 8.8 97.06 318.26 415.32 OK
r-patched-solaris-x86 8.8 583.60 OK
r-release-linux-x86_64 8.8 97.24 321.83 419.07 OK
r-release-windows-ix86+x86_64 8.8 297.00 788.00 1085.00 OK
r-release-osx-x86_64 8.8 OK
r-oldrel-windows-ix86+x86_64 8.8 299.00 749.00 1048.00 OK
r-oldrel-osx-x86_64 8.8 OK

Check Details

Version: 8.8
Check: installed package size
Result: NOTE
     installed size is 5.2Mb
     sub-directories of 1Mb or more:
     libs 3.4Mb
Flavor: r-devel-linux-x86_64-fedora-clang