CRAN Package Check Results for Package forecast

Last updated on 2019-12-12 17:49:18 CET.

Flavor Version Tinstall Tcheck Ttotal Status Flags
r-devel-linux-x86_64-debian-clang 8.10 125.39 352.02 477.41 NOTE
r-devel-linux-x86_64-debian-gcc 8.10 84.44 256.10 340.54 NOTE
r-devel-linux-x86_64-fedora-clang 8.10 581.43 NOTE
r-devel-linux-x86_64-fedora-gcc 8.10 561.63 OK
r-devel-windows-ix86+x86_64 8.10 277.00 761.00 1038.00 OK
r-devel-windows-ix86+x86_64-gcc8 8.10 222.00 672.00 894.00 OK
r-patched-linux-x86_64 8.10 96.16 317.95 414.11 NOTE
r-patched-solaris-x86 8.10 604.70 OK
r-release-linux-x86_64 8.10 96.29 316.39 412.68 NOTE
r-release-windows-ix86+x86_64 8.10 284.00 766.00 1050.00 OK
r-release-osx-x86_64 8.10 OK
r-oldrel-windows-ix86+x86_64 8.10 203.00 601.00 804.00 OK
r-oldrel-osx-x86_64 8.10 OK

Check Details

Version: 8.10
Check: R code for possible problems
Result: NOTE
    Registered S3 methods overwritten by 'forecast':
     method from
     fitted.fracdiff fracdiff
     residuals.fracdiff fracdiff
Flavors: r-devel-linux-x86_64-debian-clang, r-devel-linux-x86_64-debian-gcc, r-devel-linux-x86_64-fedora-clang, r-patched-linux-x86_64, r-release-linux-x86_64

Version: 8.10
Check: installed package size
Result: NOTE
     installed size is 5.2Mb
     sub-directories of 1Mb or more:
     libs 3.4Mb
Flavor: r-devel-linux-x86_64-fedora-clang