CRAN Package Check Results for Package formattable

Last updated on 2022-08-17 01:52:09 CEST.

Flavor Version Tinstall Tcheck Ttotal Status Flags
r-devel-linux-x86_64-debian-clang 0.2.1 4.12 49.41 53.53 NOTE
r-devel-linux-x86_64-debian-gcc 0.2.1 3.39 38.46 41.85 NOTE
r-devel-linux-x86_64-fedora-clang 0.2.1 74.77 NOTE
r-devel-linux-x86_64-fedora-gcc 0.2.1 71.37 NOTE
r-devel-windows-x86_64 0.2.1 54.00 101.00 155.00 NOTE
r-patched-linux-x86_64 0.2.1 3.83 46.33 50.16 NOTE
r-release-linux-x86_64 0.2.1 4.30 47.43 51.73 NOTE
r-release-macos-arm64 0.2.1 26.00 NOTE
r-release-macos-x86_64 0.2.1 37.00 NOTE
r-release-windows-x86_64 0.2.1 66.00 98.00 164.00 NOTE
r-oldrel-macos-arm64 0.2.1 31.00 NOTE
r-oldrel-macos-x86_64 0.2.1 43.00 NOTE
r-oldrel-windows-ix86+x86_64 0.2.1 10.00 76.00 86.00 NOTE

Check Details

Version: 0.2.1
Check: LazyData
Result: NOTE
     'LazyData' is specified without a 'data' directory
Flavors: r-devel-linux-x86_64-debian-clang, r-devel-linux-x86_64-debian-gcc, r-devel-linux-x86_64-fedora-clang, r-devel-linux-x86_64-fedora-gcc, r-devel-windows-x86_64, r-patched-linux-x86_64, r-release-linux-x86_64, r-release-macos-arm64, r-release-macos-x86_64, r-release-windows-x86_64, r-oldrel-macos-arm64, r-oldrel-macos-x86_64, r-oldrel-windows-ix86+x86_64