CRAN Package Check Results for Package formula.tools

Last updated on 2024-06-14 00:53:42 CEST.

Flavor Version Tinstall Tcheck Ttotal Status Flags
r-devel-linux-x86_64-debian-clang 1.7.1 3.70 31.68 35.38 NOTE
r-devel-linux-x86_64-debian-gcc 1.7.1 2.90 23.80 26.70 ERROR
r-devel-linux-x86_64-fedora-clang 1.7.1 45.38 NOTE
r-devel-linux-x86_64-fedora-gcc 1.7.1 42.02 NOTE
r-devel-windows-x86_64 1.7.1 4.00 47.00 51.00 NOTE
r-patched-linux-x86_64 1.7.1 3.62 30.97 34.59 NOTE
r-release-linux-x86_64 1.7.1 3.90 31.32 35.22 NOTE
r-release-macos-arm64 1.7.1 18.00 NOTE
r-release-macos-x86_64 1.7.1 28.00 NOTE
r-release-windows-x86_64 1.7.1 5.00 59.00 64.00 NOTE
r-oldrel-macos-arm64 1.7.1 22.00 NOTE
r-oldrel-macos-x86_64 1.7.1 26.00 NOTE
r-oldrel-windows-x86_64 1.7.1 5.00 50.00 55.00 NOTE

Check Details

Version: 1.7.1
Check: LazyData
Result: NOTE 'LazyData' is specified without a 'data' directory Flavors: r-devel-linux-x86_64-debian-clang, r-devel-linux-x86_64-debian-gcc, r-devel-linux-x86_64-fedora-clang, r-devel-linux-x86_64-fedora-gcc, r-devel-windows-x86_64, r-patched-linux-x86_64, r-release-linux-x86_64, r-release-macos-arm64, r-release-macos-x86_64, r-release-windows-x86_64, r-oldrel-macos-arm64, r-oldrel-macos-x86_64, r-oldrel-windows-x86_64

Version: 1.7.1
Check: package dependencies
Result: NOTE Package suggested but not available for checking: ‘testthat’ Flavor: r-devel-linux-x86_64-debian-gcc

Version: 1.7.1
Check: tests
Result: ERROR Running ‘testthat.R’ [0s/1s] Running the tests in ‘tests/testthat.R’ failed. Complete output: > library(testthat) Error in library(testthat) : there is no package called 'testthat' Execution halted Flavor: r-devel-linux-x86_64-debian-gcc