CRAN Package Check Results for Package fpow

Last updated on 2024-06-13 14:48:59 CEST.

Flavor Version Tinstall Tcheck Ttotal Status Flags
r-devel-linux-x86_64-debian-clang 0.0-2 2.55 19.46 22.01 OK
r-devel-linux-x86_64-debian-gcc 0.0-2 1.64 15.35 16.99 OK
r-devel-linux-x86_64-fedora-clang 0.0-2 27.86 NOTE
r-devel-linux-x86_64-fedora-gcc 0.0-2 26.76 NOTE
r-devel-windows-x86_64 0.0-2 4.00 41.00 45.00 OK
r-patched-linux-x86_64 0.0-2 2.24 18.66 20.90 OK
r-release-linux-x86_64 0.0-2 2.34 18.45 20.79 OK
r-release-macos-arm64 0.0-2 16.00 OK
r-release-macos-x86_64 0.0-2 26.00 OK
r-release-windows-x86_64 0.0-2 6.00 48.00 54.00 OK
r-oldrel-macos-arm64 0.0-2 19.00 OK
r-oldrel-macos-x86_64 0.0-2 20.00 OK
r-oldrel-windows-x86_64 0.0-2 5.00 38.00 43.00 OK

Check Details

Version: 0.0-2
Check: compiled code
Result: NOTE File ‘fpow/libs/fpow.so’: Found no calls to: ‘R_registerRoutines’, ‘R_useDynamicSymbols’ It is good practice to register native routines and to disable symbol search. See ‘Writing portable packages’ in the ‘Writing R Extensions’ manual. Flavors: r-devel-linux-x86_64-fedora-clang, r-devel-linux-x86_64-fedora-gcc