CRAN Package Check Results for Package fracdiff

Last updated on 2019-12-14 23:47:21 CET.

Flavor Version Tinstall Tcheck Ttotal Status Flags
r-devel-linux-x86_64-debian-clang 1.5-0 6.66 29.32 35.98 OK
r-devel-linux-x86_64-debian-gcc 1.5-0 4.19 21.68 25.87 OK
r-devel-linux-x86_64-fedora-clang 1.5-0 44.98 OK
r-devel-linux-x86_64-fedora-gcc 1.5-0 42.66 OK
r-devel-windows-ix86+x86_64 1.5-0 21.00 100.00 121.00 OK
r-devel-windows-ix86+x86_64-gcc8 1.5-0 20.00 62.00 82.00 OK
r-patched-linux-x86_64 1.5-0 4.12 27.81 31.93 OK
r-patched-solaris-x86 1.5-0 57.40 OK
r-release-linux-x86_64 1.5-0 4.54 27.49 32.03 OK
r-release-windows-ix86+x86_64 1.5-0 22.00 79.00 101.00 OK
r-release-osx-x86_64 1.5-0 OK
r-oldrel-windows-ix86+x86_64 1.5-0 22.00 65.00 87.00 WARN
r-oldrel-osx-x86_64 1.5-0 OK

Additional issues

ATLAS MKL noLD OpenBLAS

Check Details

Version: 1.5-0
Check: whether package can be installed
Result: WARN
    Found the following significant warnings:
     Warning: unable to re-encode 'diffseries.R' line 42
Flavor: r-oldrel-windows-ix86+x86_64