CRAN Package Check Results for Package fredr

Last updated on 2021-04-13 04:47:03 CEST.

Flavor Version Tinstall Tcheck Ttotal Status Flags
r-devel-linux-x86_64-debian-clang 2.1.0 3.89 44.26 48.15 OK
r-devel-linux-x86_64-debian-gcc 2.1.0 2.85 34.39 37.24 OK
r-devel-linux-x86_64-fedora-clang 2.1.0 66.18 NOTE
r-devel-linux-x86_64-fedora-gcc 2.1.0 56.67 NOTE
r-devel-windows-ix86+x86_64 2.1.0 7.00 65.00 72.00 OK
r-devel-windows-x86_64-gcc10-UCRT 2.1.0 NOTE
r-patched-linux-x86_64 2.1.0 2.84 42.46 45.30 OK
r-patched-solaris-x86 2.1.0 78.20 NOTE
r-release-linux-x86_64 2.1.0 3.91 42.35 46.26 OK
r-release-macos-x86_64 2.1.0 NOTE
r-release-windows-ix86+x86_64 2.1.0 7.00 73.00 80.00 OK
r-oldrel-macos-x86_64 2.1.0 NOTE
r-oldrel-windows-ix86+x86_64 2.1.0 6.00 46.00 52.00 OK

Check Details

Version: 2.1.0
Check: data for non-ASCII characters
Result: NOTE
     Note: found 1 marked UTF-8 string
Flavors: r-devel-linux-x86_64-fedora-clang, r-devel-linux-x86_64-fedora-gcc, r-devel-windows-x86_64-gcc10-UCRT, r-patched-solaris-x86, r-release-macos-x86_64, r-oldrel-macos-x86_64