CRAN Package Check Results for Package fstcore

Last updated on 2020-12-02 09:51:13 CET.

Flavor Version Tinstall Tcheck Ttotal Status Flags
r-devel-linux-x86_64-debian-clang 0.9.4 169.18 28.88 198.06 OK
r-devel-linux-x86_64-debian-gcc 0.9.4 79.84 24.80 104.64 OK
r-devel-linux-x86_64-fedora-clang 0.9.4 249.56 NOTE
r-devel-linux-x86_64-fedora-gcc 0.9.4 184.96 OK
r-devel-windows-ix86+x86_64 0.9.4 260.00 74.00 334.00 OK
r-patched-linux-x86_64 0.9.4 95.80 30.06 125.86 OK
r-patched-solaris-x86 0.9.4 160.50 OK
r-release-linux-x86_64 0.9.4 95.71 28.87 124.58 OK
r-release-macos-x86_64 0.9.4 NOTE
r-release-windows-ix86+x86_64 0.9.4 261.00 60.00 321.00 OK
r-oldrel-macos-x86_64 0.9.4 NOTE
r-oldrel-windows-ix86+x86_64 0.9.4 215.00 71.00 286.00 OK

Check Details

Version: 0.9.4
Check: installed package size
Result: NOTE
     installed size is 7.0Mb
     sub-directories of 1Mb or more:
     libs 6.9Mb
Flavors: r-devel-linux-x86_64-fedora-clang, r-release-macos-x86_64, r-oldrel-macos-x86_64