CRAN Package Check Results for Package fugeR

Last updated on 2019-10-14 04:46:22 CEST.

Flavor Version Tinstall Tcheck Ttotal Status Flags
r-devel-linux-x86_64-debian-clang 0.1.2 26.25 25.01 51.26 NOTE
r-devel-linux-x86_64-debian-gcc 0.1.2 16.21 20.29 36.50 NOTE
r-devel-linux-x86_64-fedora-clang 0.1.2 68.78 NOTE
r-devel-linux-x86_64-fedora-gcc 0.1.2 62.64 NOTE
r-devel-windows-ix86+x86_64 0.1.2 51.00 77.00 128.00 NOTE
r-patched-linux-x86_64 0.1.2 18.21 24.90 43.11 NOTE
r-patched-solaris-x86 0.1.2 73.00 NOTE
r-release-linux-x86_64 0.1.2 18.06 24.85 42.91 NOTE
r-release-windows-ix86+x86_64 0.1.2 72.00 54.00 126.00 NOTE
r-release-osx-x86_64 0.1.2 NOTE
r-oldrel-windows-ix86+x86_64 0.1.2 40.00 56.00 96.00 NOTE
r-oldrel-osx-x86_64 0.1.2 NOTE

Check Details

Version: 0.1.2
Check: DESCRIPTION meta-information
Result: NOTE
    Malformed Title field: should not end in a period.
Flavors: r-devel-linux-x86_64-debian-clang, r-devel-linux-x86_64-debian-gcc, r-devel-linux-x86_64-fedora-clang, r-devel-linux-x86_64-fedora-gcc, r-devel-windows-ix86+x86_64, r-patched-linux-x86_64, r-patched-solaris-x86, r-release-linux-x86_64, r-release-windows-ix86+x86_64, r-release-osx-x86_64, r-oldrel-windows-ix86+x86_64, r-oldrel-osx-x86_64

Version: 0.1.2
Check: dependencies in R code
Result: NOTE
    Packages in Depends field not imported from:
     'Rcpp' 'snowfall'
     These packages need to be imported from (in the NAMESPACE file)
     for when this namespace is loaded but not attached.
Flavors: r-devel-linux-x86_64-debian-clang, r-devel-linux-x86_64-debian-gcc, r-devel-linux-x86_64-fedora-clang, r-devel-linux-x86_64-fedora-gcc, r-devel-windows-ix86+x86_64, r-patched-linux-x86_64, r-patched-solaris-x86, r-release-linux-x86_64, r-release-windows-ix86+x86_64, r-release-osx-x86_64, r-oldrel-windows-ix86+x86_64, r-oldrel-osx-x86_64

Version: 0.1.2
Check: R code for possible problems
Result: NOTE
    fugeR.evo: no visible global function definition for 'runif'
    fugeR.sfRun: no visible global function definition for 'sfInit'
    fugeR.sfRun: no visible global function definition for 'sfLibrary'
    fugeR.sfRun: no visible global function definition for 'sfExport'
    fugeR.sfRun: no visible global function definition for 'sfLapply'
    fugeR.sfRun: no visible global function definition for 'sfStop'
    Undefined global functions or variables:
     runif sfExport sfInit sfLapply sfLibrary sfStop
    Consider adding
     importFrom("stats", "runif")
    to your NAMESPACE file.
Flavors: r-devel-linux-x86_64-debian-clang, r-devel-linux-x86_64-debian-gcc, r-devel-linux-x86_64-fedora-clang, r-devel-linux-x86_64-fedora-gcc, r-devel-windows-ix86+x86_64, r-patched-linux-x86_64, r-patched-solaris-x86, r-release-linux-x86_64, r-release-windows-ix86+x86_64, r-release-osx-x86_64, r-oldrel-windows-ix86+x86_64, r-oldrel-osx-x86_64

Version: 0.1.2
Check: compiled code
Result: NOTE
    File ‘fugeR/libs/fugeR.so’:
     Found no calls to: ‘R_registerRoutines’, ‘R_useDynamicSymbols’
    
    It is good practice to register native routines and to disable symbol
    search.
    
    See ‘Writing portable packages’ in the ‘Writing R Extensions’ manual.
Flavors: r-devel-linux-x86_64-fedora-clang, r-devel-linux-x86_64-fedora-gcc