CRAN Package Check Results for Package fullROC

Last updated on 2022-01-26 04:52:39 CET.

Flavor Version Tinstall Tcheck Ttotal Status Flags
r-devel-linux-x86_64-debian-clang 0.1.0 2.39 34.65 37.04 NOTE
r-devel-linux-x86_64-debian-gcc 0.1.0 1.85 26.48 28.33 NOTE
r-devel-linux-x86_64-fedora-clang 0.1.0 45.21 NOTE
r-devel-linux-x86_64-fedora-gcc 0.1.0 33.79 NOTE
r-devel-windows-x86_64-new-UL 0.1.0 23.00 61.00 84.00 NOTE
r-devel-windows-x86_64-new-TK 0.1.0 NOTE
r-patched-linux-x86_64 0.1.0 2.35 32.56 34.91 NOTE
r-release-linux-x86_64 0.1.0 1.58 32.72 34.30 NOTE
r-release-macos-arm64 0.1.0 NOTE
r-release-macos-x86_64 0.1.0 NOTE
r-release-windows-ix86+x86_64 0.1.0 5.00 32.00 37.00 NOTE
r-oldrel-macos-x86_64 0.1.0 OK
r-oldrel-windows-ix86+x86_64 0.1.0 5.00 32.00 37.00 OK

Check Details

Version: 0.1.0
Check: LazyData
Result: NOTE
     'LazyData' is specified without a 'data' directory
Flavors: r-devel-linux-x86_64-debian-clang, r-devel-linux-x86_64-debian-gcc, r-devel-linux-x86_64-fedora-clang, r-devel-linux-x86_64-fedora-gcc, r-devel-windows-x86_64-new-UL, r-devel-windows-x86_64-new-TK, r-patched-linux-x86_64, r-release-linux-x86_64, r-release-macos-arm64, r-release-macos-x86_64, r-release-windows-ix86+x86_64