CRAN Package Check Results for Package functional

Last updated on 2019-07-22 14:47:34 CEST.

Flavor Version Tinstall Tcheck Ttotal Status Flags
r-devel-linux-x86_64-debian-clang 0.6 1.52 17.00 18.52 NOTE
r-devel-linux-x86_64-debian-gcc 0.6 1.09 13.96 15.05 NOTE
r-devel-linux-x86_64-fedora-clang 0.6 21.83 NOTE
r-devel-linux-x86_64-fedora-gcc 0.6 21.18 NOTE
r-devel-windows-ix86+x86_64 0.6 4.00 25.00 29.00 NOTE
r-patched-linux-x86_64 0.6 1.49 16.63 18.12 NOTE
r-patched-solaris-x86 0.6 35.90 NOTE
r-release-linux-x86_64 0.6 1.37 16.77 18.14 NOTE
r-release-windows-ix86+x86_64 0.6 3.00 43.00 46.00 NOTE
r-release-osx-x86_64 0.6 NOTE
r-oldrel-windows-ix86+x86_64 0.6 2.00 24.00 26.00 NOTE
r-oldrel-osx-x86_64 0.6 NOTE

Check Details

Version: 0.6
Check: DESCRIPTION meta-information
Result: NOTE
    Malformed Description field: should contain one or more complete sentences.
Flavors: r-devel-linux-x86_64-debian-clang, r-devel-linux-x86_64-debian-gcc, r-devel-linux-x86_64-fedora-clang, r-devel-linux-x86_64-fedora-gcc, r-devel-windows-ix86+x86_64, r-patched-linux-x86_64, r-patched-solaris-x86, r-release-linux-x86_64, r-release-windows-ix86+x86_64, r-release-osx-x86_64, r-oldrel-windows-ix86+x86_64, r-oldrel-osx-x86_64