CRAN Package Check Results for Package fuser

Last updated on 2020-12-03 16:47:42 CET.

Flavor Version Tinstall Tcheck Ttotal Status Flags
r-devel-linux-x86_64-debian-clang 1.0.1 37.63 107.38 145.01 OK
r-devel-linux-x86_64-debian-gcc 1.0.1 26.45 84.98 111.43 OK
r-devel-linux-x86_64-fedora-clang 1.0.1 186.16 OK
r-devel-linux-x86_64-fedora-gcc 1.0.1 171.50 OK
r-devel-windows-ix86+x86_64 1.0.1 82.00 196.00 278.00 OK
r-patched-linux-x86_64 1.0.1 29.80 103.51 133.31 OK
r-patched-solaris-x86 1.0.1 259.80 OK
r-release-linux-x86_64 1.0.1 30.17 104.59 134.76 OK
r-release-macos-x86_64 1.0.1 NOTE
r-release-windows-ix86+x86_64 1.0.1 61.00 168.00 229.00 OK
r-oldrel-macos-x86_64 1.0.1 NOTE
r-oldrel-windows-ix86+x86_64 1.0.1 64.00 188.00 252.00 OK

Check Details

Version: 1.0.1
Check: installed package size
Result: NOTE
     installed size is 5.3Mb
     sub-directories of 1Mb or more:
     libs 5.1Mb
Flavors: r-release-macos-x86_64, r-oldrel-macos-x86_64