CRAN Package Check Results for Package fusionclust

Last updated on 2019-09-23 19:47:27 CEST.

Flavor Version Tinstall Tcheck Ttotal Status Flags
r-devel-linux-x86_64-debian-clang 1.0.0 2.48 33.78 36.26 OK
r-devel-linux-x86_64-debian-gcc 1.0.0 2.36 26.53 28.89 OK
r-devel-linux-x86_64-fedora-clang 1.0.0 45.58 OK
r-devel-linux-x86_64-fedora-gcc 1.0.0 43.54 OK
r-devel-windows-ix86+x86_64 1.0.0 14.00 66.00 80.00 OK
r-patched-linux-x86_64 1.0.0 2.30 32.82 35.12 NOTE
r-patched-solaris-x86 1.0.0 74.00 OK
r-release-linux-x86_64 1.0.0 2.29 33.64 35.93 NOTE
r-release-windows-ix86+x86_64 1.0.0 12.00 62.00 74.00 OK
r-release-osx-x86_64 1.0.0 OK
r-oldrel-windows-ix86+x86_64 1.0.0 4.00 46.00 50.00 OK
r-oldrel-osx-x86_64 1.0.0 OK

Check Details

Version: 1.0.0
Check: DESCRIPTION meta-information
Result: NOTE
    Dependence on R version ‘3.4.1’ not with patchlevel 0
Flavors: r-patched-linux-x86_64, r-release-linux-x86_64