Last updated on 2023-03-24 23:52:07 CET.
Flavor | Version | Tinstall | Tcheck | Ttotal | Status | Flags |
---|---|---|---|---|---|---|
r-devel-linux-x86_64-debian-clang | 1.0.8 | 6.89 | 154.41 | 161.30 | OK | |
r-devel-linux-x86_64-debian-gcc | 1.0.8 | 5.55 | 116.16 | 121.71 | OK | |
r-devel-linux-x86_64-fedora-clang | 1.0.8 | 205.91 | OK | |||
r-devel-linux-x86_64-fedora-gcc | 1.0.8 | 193.15 | OK | |||
r-patched-linux-x86_64 | 1.0.8 | 5.87 | 211.47 | 217.34 | OK | |
r-release-linux-x86_64 | 1.0.8 | 6.72 | 210.34 | 217.06 | OK | |
r-release-macos-arm64 | 1.0.8 | 24.00 | NOTE | |||
r-release-macos-x86_64 | 1.0.8 | 51.00 | NOTE | |||
r-release-windows-x86_64 | 1.0.8 | 44.00 | 232.00 | 276.00 | OK | |
r-oldrel-macos-arm64 | 1.0.8 | 30.00 | NOTE | |||
r-oldrel-macos-x86_64 | 1.0.8 | 49.00 | NOTE | |||
r-oldrel-windows-ix86+x86_64 | 1.0.8 | 55.00 | 226.00 | 281.00 | OK |
Version: 1.0.8
Check: package dependencies
Result: NOTE
Package suggested but not available for checking: ‘WGCNA’
Flavors: r-release-macos-arm64, r-release-macos-x86_64, r-oldrel-macos-arm64, r-oldrel-macos-x86_64