CRAN Package Check Results for Package gMCP

Last updated on 2022-10-07 23:52:35 CEST.

Flavor Version Tinstall Tcheck Ttotal Status Flags
r-devel-linux-x86_64-debian-clang 0.8-15 21.88 214.63 236.51 OK
r-devel-linux-x86_64-debian-gcc 0.8-15 16.72 160.62 177.34 NOTE
r-devel-linux-x86_64-fedora-clang 0.8-15 323.83 OK
r-devel-linux-x86_64-fedora-gcc 0.8-15 297.20 OK
r-devel-windows-x86_64 0.8-15 104.00 325.00 429.00 OK
r-patched-linux-x86_64 0.8-15 22.40 202.82 225.22 OK
r-release-linux-x86_64 0.8-15 14.61 204.72 219.33 OK
r-release-macos-arm64 0.8-15 104.00 NOTE
r-release-macos-x86_64 0.8-15 124.00 OK
r-release-windows-x86_64 0.8-15 99.00 342.00 441.00 OK
r-oldrel-macos-arm64 0.8-15 148.00 OK
r-oldrel-macos-x86_64 0.8-15 142.00 OK
r-oldrel-windows-ix86+x86_64 0.8-15 45.00 321.00 366.00 OK

Check Details

Version: 0.8-15
Check: compilation flags used
Result: NOTE
    Compilation used the following non-portable flag(s):
     ‘-Wstrict-prototypes’
Flavor: r-devel-linux-x86_64-debian-gcc

Version: 0.8-15
Check: package dependencies
Result: NOTE
    Packages suggested but not available for checking: 'graph', 'mutoss'
Flavor: r-release-macos-arm64