CRAN Package Check Results for Package gRain

Last updated on 2019-08-22 20:47:20 CEST.

Flavor Version Tinstall Tcheck Ttotal Status Flags
r-devel-linux-x86_64-debian-clang 1.3-0 45.82 95.16 140.98 OK
r-devel-linux-x86_64-debian-gcc 1.3-0 37.06 75.89 112.95 OK
r-devel-linux-x86_64-fedora-clang 1.3-0 188.24 NOTE
r-devel-linux-x86_64-fedora-gcc 1.3-0 180.85 NOTE
r-devel-windows-ix86+x86_64 1.3-0 144.00 194.00 338.00 OK
r-patched-linux-x86_64 1.3-0 43.85 93.80 137.65 OK
r-patched-solaris-x86 1.3-0 242.20 OK
r-release-linux-x86_64 1.3-0 40.10 95.20 135.30 OK
r-release-windows-ix86+x86_64 1.3-0 129.00 191.00 320.00 OK
r-release-osx-x86_64 1.3-0 ERROR
r-oldrel-windows-ix86+x86_64 1.3-0 109.00 182.00 291.00 OK
r-oldrel-osx-x86_64 1.3-0 OK

Check Details

Version: 1.3-0
Check: compiled code
Result: NOTE
    File ‘gRain/libs/gRain.so’:
     Found no calls to: ‘R_registerRoutines’, ‘R_useDynamicSymbols’
    
    It is good practice to register native routines and to disable symbol
    search.
    
    See ‘Writing portable packages’ in the ‘Writing R Extensions’ manual.
Flavors: r-devel-linux-x86_64-fedora-clang, r-devel-linux-x86_64-fedora-gcc

Version: 1.3-0
Check: package dependencies
Result: ERROR
    Packages required but not available: 'gRbase', 'graph'
    
    Package suggested but not available for checking: ‘Rgraphviz’
    
    See section ‘The DESCRIPTION file’ in the ‘Writing R Extensions’
    manual.
Flavor: r-release-osx-x86_64