CRAN Package Check Results for Package gRain

Last updated on 2019-12-11 04:48:16 CET.

Flavor Version Tinstall Tcheck Ttotal Status Flags
r-devel-linux-x86_64-debian-clang 1.3-0 50.60 105.55 156.15 OK
r-devel-linux-x86_64-debian-gcc 1.3-0 37.18 84.97 122.15 OK
r-devel-linux-x86_64-fedora-clang 1.3-0 200.23 NOTE
r-devel-linux-x86_64-fedora-gcc 1.3-0 207.92 NOTE
r-devel-windows-ix86+x86_64 1.3-0 106.00 225.00 331.00 OK
r-devel-windows-ix86+x86_64-gcc8 1.3-0 113.00 163.00 276.00 OK
r-patched-linux-x86_64 1.3-0 49.15 95.33 144.48 OK
r-patched-solaris-x86 1.3-0 255.30 OK
r-release-linux-x86_64 1.3-0 42.07 96.86 138.93 OK
r-release-windows-ix86+x86_64 1.3-0 83.00 153.00 236.00 OK
r-release-osx-x86_64 1.3-0 OK
r-oldrel-windows-ix86+x86_64 1.3-0 75.00 140.00 215.00 OK
r-oldrel-osx-x86_64 1.3-0 OK

Check Details

Version: 1.3-0
Check: compiled code
Result: NOTE
    File ‘gRain/libs/gRain.so’:
     Found no calls to: ‘R_registerRoutines’, ‘R_useDynamicSymbols’
    
    It is good practice to register native routines and to disable symbol
    search.
    
    See ‘Writing portable packages’ in the ‘Writing R Extensions’ manual.
Flavors: r-devel-linux-x86_64-fedora-clang, r-devel-linux-x86_64-fedora-gcc