CRAN Package Check Results for Package gamesGA

Last updated on 2022-08-13 23:51:45 CEST.

Flavor Version Tinstall Tcheck Ttotal Status Flags
r-devel-linux-x86_64-debian-clang 1.1.3.7 5.76 46.78 52.54 NOTE
r-devel-linux-x86_64-debian-gcc 1.1.3.7 3.87 36.79 40.66 NOTE
r-devel-linux-x86_64-fedora-clang 1.1.3.7 72.93 NOTE
r-devel-linux-x86_64-fedora-gcc 1.1.3.7 72.85 NOTE
r-devel-windows-x86_64 1.1.3.7 11.00 73.00 84.00 NOTE
r-patched-linux-x86_64 1.1.3.7 4.54 46.45 50.99 NOTE
r-release-linux-x86_64 1.1.3.7 4.52 46.15 50.67 NOTE
r-release-macos-arm64 1.1.3.7 23.00 NOTE
r-release-macos-x86_64 1.1.3.7 42.00 NOTE
r-release-windows-x86_64 1.1.3.7 17.00 76.00 93.00 NOTE
r-oldrel-macos-arm64 1.1.3.7 29.00 NOTE
r-oldrel-macos-x86_64 1.1.3.7 42.00 NOTE
r-oldrel-windows-ix86+x86_64 1.1.3.7 16.00 92.00 108.00 NOTE

Check Details

Version: 1.1.3.7
Check: LazyData
Result: NOTE
     'LazyData' is specified without a 'data' directory
Flavors: r-devel-linux-x86_64-debian-clang, r-devel-linux-x86_64-debian-gcc, r-devel-linux-x86_64-fedora-clang, r-devel-linux-x86_64-fedora-gcc, r-devel-windows-x86_64, r-patched-linux-x86_64, r-release-linux-x86_64, r-release-macos-arm64, r-release-macos-x86_64, r-release-windows-x86_64, r-oldrel-macos-arm64, r-oldrel-macos-x86_64, r-oldrel-windows-ix86+x86_64

Version: 1.1.3.7
Check: dependencies in R code
Result: NOTE
    Namespace in Imports field not imported from: ‘grDevices’
     All declared Imports should be used.
Flavors: r-devel-linux-x86_64-fedora-clang, r-devel-linux-x86_64-fedora-gcc, r-release-macos-arm64, r-release-macos-x86_64, r-oldrel-macos-arm64, r-oldrel-macos-x86_64