CRAN Package Check Results for Package gamlss.demo

Last updated on 2020-02-19 21:46:35 CET.

Flavor Version Tinstall Tcheck Ttotal Status Flags
r-devel-linux-x86_64-debian-clang 4.3-3 12.23 80.82 93.05 OK
r-devel-linux-x86_64-debian-gcc 4.3-3 10.58 62.68 73.26 OK
r-devel-linux-x86_64-fedora-clang 4.3-3 114.51 OK
r-devel-linux-x86_64-fedora-gcc 4.3-3 113.12 OK
r-devel-windows-ix86+x86_64 4.3-3 18.00 74.00 92.00 OK
r-devel-windows-ix86+x86_64-gcc8 4.3-3 34.00 120.00 154.00 OK
r-patched-linux-x86_64 4.3-3 11.63 71.51 83.14 OK
r-patched-solaris-x86 4.3-3 156.40 OK
r-release-linux-x86_64 4.3-3 10.34 72.30 82.64 OK
r-release-windows-ix86+x86_64 4.3-3 17.00 78.00 95.00 OK
r-release-osx-x86_64 4.3-3 ERROR
r-oldrel-windows-ix86+x86_64 4.3-3 9.00 78.00 87.00 OK
r-oldrel-osx-x86_64 4.3-3 ERROR

Check Details

Version: 4.3-3
Check: package dependencies
Result: ERROR
    Package required but not available: ‘rpanel’
    
    See section ‘The DESCRIPTION file’ in the ‘Writing R Extensions’
    manual.
Flavors: r-release-osx-x86_64, r-oldrel-osx-x86_64