CRAN Package Check Results for Package gamlss.demo

Last updated on 2019-10-14 04:46:22 CEST.

Flavor Version Tinstall Tcheck Ttotal Status Flags
r-devel-linux-x86_64-debian-clang 4.3-3 12.21 72.67 84.88 OK
r-devel-linux-x86_64-debian-gcc 4.3-3 9.58 59.01 68.59 OK
r-devel-linux-x86_64-fedora-clang 4.3-3 102.78 OK
r-devel-linux-x86_64-fedora-gcc 4.3-3 102.81 OK
r-devel-windows-ix86+x86_64 4.3-3 19.00 74.00 93.00 OK
r-patched-linux-x86_64 4.3-3 11.29 71.45 82.74 OK
r-patched-solaris-x86 4.3-3 156.40 OK
r-release-linux-x86_64 4.3-3 10.72 71.60 82.32 OK
r-release-windows-ix86+x86_64 4.3-3 24.00 108.00 132.00 OK
r-release-osx-x86_64 4.3-3 ERROR
r-oldrel-windows-ix86+x86_64 4.3-3 11.00 66.00 77.00 OK
r-oldrel-osx-x86_64 4.3-3 ERROR

Check Details

Version: 4.3-3
Check: package dependencies
Result: ERROR
    Package required but not available: ‘rpanel’
    
    See section ‘The DESCRIPTION file’ in the ‘Writing R Extensions’
    manual.
Flavors: r-release-osx-x86_64, r-oldrel-osx-x86_64