CRAN Package Check Results for Package gapfill

Last updated on 2024-06-17 08:51:07 CEST.

Flavor Version Tinstall Tcheck Ttotal Status Flags
r-devel-linux-x86_64-debian-clang 0.9.6-1 31.79 155.64 187.43 NOTE
r-devel-linux-x86_64-debian-gcc 0.9.6-1 21.86 115.28 137.14 NOTE
r-devel-linux-x86_64-fedora-clang 0.9.6-1 244.31 NOTE
r-devel-linux-x86_64-fedora-gcc 0.9.6-1 222.17 NOTE
r-devel-windows-x86_64 0.9.6-1 27.00 135.00 162.00 NOTE
r-patched-linux-x86_64 0.9.6-1 28.67 144.99 173.66 NOTE
r-release-linux-x86_64 0.9.6-1 26.90 151.20 178.10 NOTE
r-release-macos-arm64 0.9.6-1 58.00 NOTE
r-release-macos-x86_64 0.9.6-1 95.00 NOTE
r-release-windows-x86_64 0.9.6-1 29.00 138.00 167.00 NOTE
r-oldrel-macos-arm64 0.9.6-1 70.00 NOTE
r-oldrel-macos-x86_64 0.9.6-1 112.00 NOTE
r-oldrel-windows-x86_64 0.9.6-1 34.00 176.00 210.00 OK

Check Details

Version: 0.9.6-1
Check: Rd files
Result: NOTE checkRd: (-1) Gapfill.Rd:66-68: Lost braces in \itemize; \value handles \item{}{} directly checkRd: (-1) Gapfill.Rd:69-70: Lost braces in \itemize; \value handles \item{}{} directly checkRd: (-1) Gapfill.Rd:71-77: Lost braces in \itemize; \value handles \item{}{} directly checkRd: (-1) Gapfill.Rd:72: Lost braces in \itemize; \value handles \item{}{} directly checkRd: (-1) Gapfill.Rd:73: Lost braces in \itemize; \value handles \item{}{} directly checkRd: (-1) Gapfill.Rd:74: Lost braces in \itemize; \value handles \item{}{} directly checkRd: (-1) Gapfill.Rd:75: Lost braces in \itemize; \value handles \item{}{} directly checkRd: (-1) Gapfill.Rd:78: Lost braces in \itemize; \value handles \item{}{} directly checkRd: (-1) ndvi.Rd:10: Lost braces in \itemize; meant \describe ? checkRd: (-1) ndvi.Rd:11: Lost braces in \itemize; meant \describe ? checkRd: (-1) ndvi.Rd:12: Lost braces in \itemize; meant \describe ? checkRd: (-1) ndvi.Rd:13: Lost braces in \itemize; meant \describe ? Flavors: r-devel-linux-x86_64-debian-clang, r-devel-linux-x86_64-debian-gcc, r-devel-linux-x86_64-fedora-clang, r-devel-linux-x86_64-fedora-gcc, r-devel-windows-x86_64, r-patched-linux-x86_64, r-release-linux-x86_64, r-release-macos-arm64, r-release-macos-x86_64, r-release-windows-x86_64

Version: 0.9.6-1
Check: package dependencies
Result: NOTE Package which this enhances but not available for checking: ‘doMPI’ Flavors: r-release-macos-arm64, r-release-macos-x86_64, r-oldrel-macos-arm64, r-oldrel-macos-x86_64