CRAN Package Check Results for Package gdalcubes

Last updated on 2022-08-13 07:11:35 CEST.

Flavor Version Tinstall Tcheck Ttotal Status Flags
r-devel-linux-x86_64-debian-clang 0.6.1 425.80 148.84 574.64 NOTE
r-devel-linux-x86_64-debian-gcc 0.6.1 400.78 115.36 516.14 OK
r-devel-linux-x86_64-fedora-clang 0.6.1 780.24 NOTE
r-devel-linux-x86_64-fedora-gcc 0.6.1 866.79 OK
r-devel-windows-x86_64 0.6.1 1909.00 559.00 2468.00 NOTE
r-patched-linux-x86_64 0.6.1 429.13 149.58 578.71 OK
r-release-linux-x86_64 0.6.1 425.03 152.64 577.67 NOTE
r-release-macos-arm64 0.6.1 223.00 NOTE
r-release-macos-x86_64 0.6.1 29.00 ERROR
r-release-windows-x86_64 0.6.1 2118.00 559.00 2677.00 NOTE
r-oldrel-macos-arm64 0.6.1 266.00 NOTE
r-oldrel-macos-x86_64 0.6.1 288.00 NOTE
r-oldrel-windows-ix86+x86_64 0.6.1 1016.00 755.00 1771.00 NOTE

Check Details

Version: 0.6.1
Check: package dependencies
Result: NOTE
    Package suggested but not available for checking: 'av'
Flavors: r-devel-linux-x86_64-debian-clang, r-release-linux-x86_64

Version: 0.6.1
Check: installed package size
Result: NOTE
     installed size is 29.7Mb
     sub-directories of 1Mb or more:
     L8NY18 2.3Mb
     libs 26.3Mb
Flavors: r-devel-linux-x86_64-fedora-clang, r-devel-windows-x86_64, r-release-macos-arm64, r-release-windows-x86_64, r-oldrel-macos-arm64, r-oldrel-macos-x86_64, r-oldrel-windows-ix86+x86_64

Version: 0.6.1
Check: whether package can be installed
Result: ERROR
    Installation failed.
Flavor: r-release-macos-x86_64