Last updated on 2023-11-30 05:50:51 CET.
Flavor | Version | Tinstall | Tcheck | Ttotal | Status | Flags |
---|---|---|---|---|---|---|
r-devel-linux-x86_64-debian-clang | 1.6.0 | 130.99 | 101.72 | 232.71 | OK | |
r-devel-linux-x86_64-debian-gcc | 1.7.0 | 98.30 | 85.25 | 183.55 | OK | |
r-devel-linux-x86_64-fedora-clang | 1.7.0 | 372.70 | OK | |||
r-devel-linux-x86_64-fedora-gcc | 1.7.0 | 386.12 | OK | |||
r-devel-windows-x86_64 | 1.6.0 | 119.00 | 579.00 | 698.00 | NOTE | |
r-patched-linux-x86_64 | 1.6.0 | 111.46 | 97.55 | 209.01 | OK | |
r-release-linux-x86_64 | 1.6.0 | 111.93 | 96.82 | 208.75 | OK | |
r-release-macos-arm64 | 1.7.0 | 147.00 | NOTE | |||
r-release-macos-x86_64 | 1.6.0 | 242.00 | NOTE | |||
r-release-windows-x86_64 | 1.7.0 | 171.00 | 657.00 | 828.00 | NOTE | |
r-oldrel-macos-arm64 | 1.7.0 | 114.00 | NOTE | |||
r-oldrel-macos-x86_64 | 1.5.0 | 368.00 | NOTE | |||
r-oldrel-windows-x86_64 | 1.6.0 | 210.00 | 592.00 | 802.00 | NOTE |
Version: 1.6.0
Check: installed package size
Result: NOTE
installed size is 101.9Mb
sub-directories of 1Mb or more:
extdata 1.1Mb
gdal 3.0Mb
libs 88.3Mb
proj 8.3Mb
Flavors: r-devel-windows-x86_64, r-release-macos-x86_64, r-oldrel-windows-x86_64
Version: 1.7.0
Check: installed package size
Result: NOTE
installed size is 251.9Mb
sub-directories of 1Mb or more:
libs 249.6Mb
Flavors: r-release-macos-arm64, r-release-windows-x86_64, r-oldrel-macos-arm64
Version: 1.5.0
Check: installed package size
Result: NOTE
installed size is 128.7Mb
sub-directories of 1Mb or more:
extdata 1.1Mb
libs 127.1Mb
Flavor: r-oldrel-macos-x86_64