CRAN Package Check Results for Package gdns

Last updated on 2019-11-12 22:50:20 CET.

Flavor Version Tinstall Tcheck Ttotal Status Flags
r-devel-linux-x86_64-debian-clang 0.3.1 2.11 25.08 27.19 OK
r-devel-linux-x86_64-debian-gcc 0.3.1 1.84 19.66 21.50 OK
r-devel-linux-x86_64-fedora-clang 0.3.1 32.75 NOTE
r-devel-linux-x86_64-fedora-gcc 0.3.1 32.41 NOTE
r-devel-windows-ix86+x86_64 0.3.1 7.00 38.00 45.00 OK
r-patched-linux-x86_64 0.3.1 1.82 23.60 25.42 OK
r-patched-solaris-x86 0.3.1 51.30 NOTE
r-release-linux-x86_64 0.3.1 1.80 23.81 25.61 OK
r-release-windows-ix86+x86_64 0.3.1 7.00 51.00 58.00 OK
r-release-osx-x86_64 0.3.1 NOTE
r-oldrel-windows-ix86+x86_64 0.3.1 3.00 49.00 52.00 OK
r-oldrel-osx-x86_64 0.3.1 NOTE

Check Details

Version: 0.3.1
Check: data for non-ASCII characters
Result: NOTE
     Note: found 1 marked UTF-8 string
Flavors: r-devel-linux-x86_64-fedora-clang, r-devel-linux-x86_64-fedora-gcc, r-patched-solaris-x86, r-release-osx-x86_64, r-oldrel-osx-x86_64