CRAN Package Check Results for Package gdns

Last updated on 2019-08-25 02:46:47 CEST.

Flavor Version Tinstall Tcheck Ttotal Status Flags
r-devel-linux-x86_64-debian-clang 0.3.1 2.34 23.61 25.95 OK
r-devel-linux-x86_64-debian-gcc 0.3.1 1.91 19.65 21.56 OK
r-devel-linux-x86_64-fedora-clang 0.3.1 33.53 NOTE
r-devel-linux-x86_64-fedora-gcc 0.3.1 31.41 NOTE
r-devel-windows-ix86+x86_64 0.3.1 6.00 54.00 60.00 OK
r-patched-linux-x86_64 0.3.1 1.92 23.70 25.62 OK
r-patched-solaris-x86 0.3.1 56.20 NOTE
r-release-linux-x86_64 0.3.1 1.84 23.41 25.25 OK
r-release-windows-ix86+x86_64 0.3.1 8.00 56.00 64.00 OK
r-release-osx-x86_64 0.3.1 NOTE
r-oldrel-windows-ix86+x86_64 0.3.1 4.00 49.00 53.00 OK
r-oldrel-osx-x86_64 0.3.1 NOTE

Check Details

Version: 0.3.1
Check: data for non-ASCII characters
Result: NOTE
     Note: found 1 marked UTF-8 string
Flavors: r-devel-linux-x86_64-fedora-clang, r-devel-linux-x86_64-fedora-gcc, r-patched-solaris-x86, r-release-osx-x86_64, r-oldrel-osx-x86_64