CRAN Package Check Results for Package gemma2

Last updated on 2024-07-22 12:53:42 CEST.

Flavor Version Tinstall Tcheck Ttotal Status Flags
r-devel-linux-x86_64-debian-clang 0.1.3 2.28 486.86 489.14 NOTE
r-devel-linux-x86_64-debian-gcc 0.1.3 2.33 311.52 313.85 NOTE
r-devel-linux-x86_64-fedora-clang 0.1.3 582.55 NOTE
r-devel-linux-x86_64-fedora-gcc 0.1.3 592.37 NOTE
r-devel-windows-x86_64 0.1.3 6.00 301.00 307.00 NOTE
r-patched-linux-x86_64 0.1.3 1.95 454.40 456.35 NOTE
r-release-linux-x86_64 0.1.3 2.85 463.78 466.63 NOTE
r-release-macos-arm64 0.1.3 116.00 NOTE
r-release-macos-x86_64 0.1.3 198.00 NOTE
r-release-windows-x86_64 0.1.3 5.00 296.00 301.00 NOTE
r-oldrel-macos-arm64 0.1.3 127.00 NOTE
r-oldrel-macos-x86_64 0.1.3 233.00 NOTE
r-oldrel-windows-x86_64 0.1.3 6.00 391.00 397.00 NOTE

Check Details

Version: 0.1.3
Check: LazyData
Result: NOTE 'LazyData' is specified without a 'data' directory Flavors: r-devel-linux-x86_64-debian-clang, r-devel-linux-x86_64-debian-gcc, r-devel-linux-x86_64-fedora-clang, r-devel-linux-x86_64-fedora-gcc, r-devel-windows-x86_64, r-patched-linux-x86_64, r-release-linux-x86_64, r-release-macos-arm64, r-release-macos-x86_64, r-release-windows-x86_64, r-oldrel-macos-arm64, r-oldrel-macos-x86_64, r-oldrel-windows-x86_64

Version: 0.1.3
Check: dependencies in R code
Result: NOTE Namespace in Imports field not imported from: ‘methods’ All declared Imports should be used. Flavors: r-devel-linux-x86_64-fedora-clang, r-devel-linux-x86_64-fedora-gcc