CRAN Package Check Results for Package gender

Last updated on 2020-11-29 03:50:30 CET.

Flavor Version Tinstall Tcheck Ttotal Status Flags
r-devel-linux-x86_64-debian-clang 0.5.4 6.64 45.65 52.29 NOTE
r-devel-linux-x86_64-debian-gcc 0.5.4 4.04 36.72 40.76 NOTE
r-devel-linux-x86_64-fedora-clang 0.5.4 65.57 NOTE
r-devel-linux-x86_64-fedora-gcc 0.5.4 55.44 NOTE
r-devel-windows-ix86+x86_64 0.5.4 10.00 59.00 69.00 NOTE
r-patched-linux-x86_64 0.5.4 4.60 45.33 49.93 NOTE
r-patched-solaris-x86 0.5.4 78.90 NOTE
r-release-linux-x86_64 0.5.4 4.54 43.45 47.99 NOTE
r-release-macos-x86_64 0.5.4 NOTE
r-release-windows-ix86+x86_64 0.5.4 6.00 45.00 51.00 NOTE
r-oldrel-macos-x86_64 0.5.4 NOTE
r-oldrel-windows-ix86+x86_64 0.5.4 7.00 56.00 63.00 NOTE

Check Details

Version: 0.5.4
Check: package dependencies
Result: NOTE
    Package suggested but not available for checking: 'genderdata'
Flavors: r-devel-linux-x86_64-debian-clang, r-devel-linux-x86_64-debian-gcc, r-devel-linux-x86_64-fedora-clang, r-devel-linux-x86_64-fedora-gcc, r-devel-windows-ix86+x86_64, r-patched-linux-x86_64, r-patched-solaris-x86, r-release-linux-x86_64, r-release-macos-x86_64, r-release-windows-ix86+x86_64, r-oldrel-macos-x86_64, r-oldrel-windows-ix86+x86_64