CRAN Package Check Results for Package geneExpressionFromGEO

Last updated on 2024-07-25 20:46:19 CEST.

Flavor Version Tinstall Tcheck Ttotal Status Flags
r-devel-linux-x86_64-debian-clang 0.9 2.28 37.18 39.46 OK
r-devel-linux-x86_64-debian-gcc 0.9 1.58 29.13 30.71 OK
r-devel-linux-x86_64-fedora-clang 0.9 54.05 NOTE
r-devel-linux-x86_64-fedora-gcc 0.9 62.21 NOTE
r-devel-windows-x86_64 0.9 4.00 171.00 175.00 OK
r-patched-linux-x86_64 0.9 OK
r-release-linux-x86_64 0.9 1.46 35.79 37.25 OK
r-release-macos-arm64 0.9 35.00 OK
r-release-macos-x86_64 0.9 49.00 OK
r-release-windows-x86_64 0.9 3.00 112.00 115.00 OK
r-oldrel-macos-arm64 0.9 8.00 ERROR
r-oldrel-macos-x86_64 0.9 43.00 OK
r-oldrel-windows-x86_64 0.9 5.00 261.00 266.00 OK

Check Details

Version: 0.9
Check: dependencies in R code
Result: NOTE Namespaces in Imports field not imported from: ‘BiocManager’ ‘R.utils’ ‘markdown’ All declared Imports should be used. Flavors: r-devel-linux-x86_64-fedora-clang, r-devel-linux-x86_64-fedora-gcc

Version: 0.9
Check: package dependencies
Result: ERROR Package required but not available: ‘GEOquery’ See section ‘The DESCRIPTION file’ in the ‘Writing R Extensions’ manual. Flavor: r-oldrel-macos-arm64