CRAN Package Check Results for Package genscore

Last updated on 2022-08-15 13:52:00 CEST.

Flavor Version Tinstall Tcheck Ttotal Status Flags
r-devel-linux-x86_64-debian-clang 1.0.2 16.49 125.52 142.01 NOTE
r-devel-linux-x86_64-debian-gcc 1.0.2 13.59 93.19 106.78 NOTE
r-devel-linux-x86_64-fedora-clang 1.0.2 179.34 NOTE
r-devel-linux-x86_64-fedora-gcc 1.0.2 188.25 NOTE
r-devel-windows-x86_64 1.0.2 56.00 174.00 230.00 NOTE
r-patched-linux-x86_64 1.0.2 12.76 119.32 132.08 NOTE
r-release-linux-x86_64 1.0.2 15.84 118.46 134.30 NOTE
r-release-macos-arm64 1.0.2 55.00 NOTE
r-release-macos-x86_64 1.0.2 69.00 NOTE
r-release-windows-x86_64 1.0.2 66.00 165.00 231.00 NOTE
r-oldrel-macos-arm64 1.0.2 64.00 NOTE
r-oldrel-macos-x86_64 1.0.2 92.00 NOTE
r-oldrel-windows-ix86+x86_64 1.0.2 37.00 262.00 299.00 NOTE

Check Details

Version: 1.0.2
Check: LazyData
Result: NOTE
     'LazyData' is specified without a 'data' directory
Flavors: r-devel-linux-x86_64-debian-clang, r-devel-linux-x86_64-debian-gcc, r-devel-linux-x86_64-fedora-clang, r-devel-linux-x86_64-fedora-gcc, r-devel-windows-x86_64, r-patched-linux-x86_64, r-release-linux-x86_64, r-release-macos-arm64, r-release-macos-x86_64, r-release-windows-x86_64, r-oldrel-macos-arm64, r-oldrel-macos-x86_64, r-oldrel-windows-ix86+x86_64