CRAN Package Check Results for Package geoR

Last updated on 2020-01-27 08:55:45 CET.

Flavor Version Tinstall Tcheck Ttotal Status Flags
r-devel-linux-x86_64-debian-clang 1.7-5.2.2 35.23 145.03 180.26 NOTE
r-devel-linux-x86_64-debian-gcc 1.7-5.2.2 26.24 110.32 136.56 NOTE
r-devel-linux-x86_64-fedora-clang 1.7-5.2.2 219.27 NOTE
r-devel-linux-x86_64-fedora-gcc 1.7-5.2.2 215.30 OK
r-devel-windows-ix86+x86_64 1.7-5.2.2 48.00 233.00 281.00 OK
r-devel-windows-ix86+x86_64-gcc8 1.7-5.2.2 53.00 230.00 283.00 OK
r-patched-linux-x86_64 1.7-5.2.2 30.74 134.16 164.90 NOTE
r-patched-solaris-x86 1.7-5.2.2 265.90 OK
r-release-linux-x86_64 1.7-5.2.2 29.69 132.35 162.04 NOTE
r-release-windows-ix86+x86_64 1.7-5.2.2 33.00 166.00 199.00 OK
r-release-osx-x86_64 1.7-5.2.2 WARN
r-oldrel-windows-ix86+x86_64 1.7-5.2.2 28.00 199.00 227.00 OK
r-oldrel-osx-x86_64 1.7-5.2.2 WARN

Check Details

Version: 1.7-5.2.2
Check: R code for possible problems
Result: NOTE
    Found the following assignments to the global environment:
    File 'geoR/R/auxiliar.R':
     assign(".objfuncQQ", objfunc, pos = 1)
     assign(".bounds.list", .bounds.list, pos = 1)
     assign("madtonormalQQ", madtonormalQQ, pos = 1)
    File 'geoR/R/likGRF.R':
     assign(".likGRF.dists.vec", lapply(split(as.data.frame(coords),
     realisations), vecdist), pos = 1)
     assign(".likGRF.dists.vec", lapply(split(as.data.frame(coords),
     realisations), vecdist), pos = 1)
     assign(".likGRF.dists.vec", lapply(split(as.data.frame(coords.c),
     temp.list$realisations), vecdist), pos = 1)
     assign(".temp.lower.lambda", -2, pos = 1)
     assign(".temp.upper.lambda", 2, pos = 1)
    File 'geoR/R/profiles.R':
     assign(".temp.list", list(n = n, z = data, beta.size = dim(trend)[2],
     kappa = obj.likfit$kappa, xmat = trend, method.lik = obj.likfit$method.lik,
     dists.lowertri = dists.vec, cov.model = obj.likfit$cov.model,
     fix.lambda = obj.likfit$transform.info$fix.lambda, lambda = obj.likfit$lambda,
     lower.phi = lower.phi, upper.phi = upper.phi, lower.sigmasq = lower.sigmasq,
     phi.est = phi, tausq.rel.est = tausq.rel, tausq.est = tausq,
     sigmasq.est = sigmasq), pos = 1)
     assign(".temp.temp.list", get(".temp.list", pos = 1), pos = 1)
     assign(".temp.list", .temp.temp.list, pos = 1)
     assign(".temp.lambda", lambda, pos = 1)
     assign(".temp.lambda", lambda, pos = 1)
    File 'geoR/R/simul.R':
     assign("setRF", geoR2RF(cov.model = cov.model, cov.pars = cov.pars,
     nugget = nugget, kappa = kappa, aniso.pars = aniso.pars),
     pos = 1)
    File 'geoR/R/variofit.R':
     assign(".temp.theta", NULL, pos = 1)
     assign(".temp.theta", theta, pos = 1)
     assign(".IND.geoR.variog.model.env", TRUE, pos = 1)
    File 'geoR/R/variogram.R':
     assign(".variog4.nomessage", TRUE, pos = 1)
    
    Found the following calls to attach():
    File 'geoR/R/auxiliar.R':
     attach(geodata, pos = 2, warn.conflicts = FALSE)
     attach(geodata$covariate, pos = 3, warn.conflicts = FALSE)
    File 'geoR/R/geobayes.R':
     attach(x, pos = 2, warn.conflicts = FALSE)
     attach(x, pos = 2, warn.conflicts = FALSE)
     attach(x, pos = 2, warn.conflicts = FALSE)
    File 'geoR/R/geodata.R':
     attach(x, pos = 2, warn.conflicts = FALSE)
     attach(x, pos = 2, warn.conflicts = FALSE)
    File 'geoR/R/kriging.R':
     attach(x, pos = 2, warn.conflicts = FALSE)
     attach(x, pos = 2, warn.conflicts = FALSE)
     attach(x, pos = 2, warn.conflicts = FALSE)
    See section 'Good practice' in '?attach'.
Flavors: r-devel-linux-x86_64-debian-clang, r-devel-linux-x86_64-debian-gcc, r-patched-linux-x86_64, r-release-linux-x86_64

Version: 1.7-5.2.2
Check: R code for possible problems
Result: NOTE
    Found the following assignments to the global environment:
    File ‘geoR/R/auxiliar.R’:
     assign(".objfuncQQ", objfunc, pos = 1)
     assign(".bounds.list", .bounds.list, pos = 1)
     assign("madtonormalQQ", madtonormalQQ, pos = 1)
    File ‘geoR/R/likGRF.R’:
     assign(".likGRF.dists.vec", lapply(split(as.data.frame(coords),
     realisations), vecdist), pos = 1)
     assign(".likGRF.dists.vec", lapply(split(as.data.frame(coords),
     realisations), vecdist), pos = 1)
     assign(".likGRF.dists.vec", lapply(split(as.data.frame(coords.c),
     temp.list$realisations), vecdist), pos = 1)
     assign(".temp.lower.lambda", -2, pos = 1)
     assign(".temp.upper.lambda", 2, pos = 1)
    File ‘geoR/R/profiles.R’:
     assign(".temp.list", list(n = n, z = data, beta.size = dim(trend)[2],
     kappa = obj.likfit$kappa, xmat = trend, method.lik = obj.likfit$method.lik,
     dists.lowertri = dists.vec, cov.model = obj.likfit$cov.model,
     fix.lambda = obj.likfit$transform.info$fix.lambda, lambda = obj.likfit$lambda,
     lower.phi = lower.phi, upper.phi = upper.phi, lower.sigmasq = lower.sigmasq,
     phi.est = phi, tausq.rel.est = tausq.rel, tausq.est = tausq,
     sigmasq.est = sigmasq), pos = 1)
     assign(".temp.temp.list", get(".temp.list", pos = 1), pos = 1)
     assign(".temp.list", .temp.temp.list, pos = 1)
     assign(".temp.lambda", lambda, pos = 1)
     assign(".temp.lambda", lambda, pos = 1)
    File ‘geoR/R/simul.R’:
     assign("setRF", geoR2RF(cov.model = cov.model, cov.pars = cov.pars,
     nugget = nugget, kappa = kappa, aniso.pars = aniso.pars),
     pos = 1)
    File ‘geoR/R/variofit.R’:
     assign(".temp.theta", NULL, pos = 1)
     assign(".temp.theta", theta, pos = 1)
     assign(".IND.geoR.variog.model.env", TRUE, pos = 1)
    File ‘geoR/R/variogram.R’:
     assign(".variog4.nomessage", TRUE, pos = 1)
Flavor: r-devel-linux-x86_64-fedora-clang

Version: 1.7-5.2.2
Check: dependencies in R code
Result: NOTE
    No protocol specified
    No protocol specified
Flavors: r-release-osx-x86_64, r-oldrel-osx-x86_64

Version: 1.7-5.2.2
Check: S3 generic/method consistency
Result: WARN
    No protocol specified
    No protocol specified
    See section ‘Generic functions and methods’ in the ‘Writing R
    Extensions’ manual.
Flavors: r-release-osx-x86_64, r-oldrel-osx-x86_64

Version: 1.7-5.2.2
Check: replacement functions
Result: WARN
    No protocol specified
    No protocol specified
    The argument of a replacement function which corresponds to the right
    hand side must be named ‘value’.
Flavors: r-release-osx-x86_64, r-oldrel-osx-x86_64

Version: 1.7-5.2.2
Check: foreign function calls
Result: NOTE
    No protocol specified
    No protocol specified
    See chapter ‘System and foreign language interfaces’ in the ‘Writing R
    Extensions’ manual.
Flavors: r-release-osx-x86_64, r-oldrel-osx-x86_64

Version: 1.7-5.2.2
Check: R code for possible problems
Result: NOTE
    No protocol specified
    No protocol specified
Flavors: r-release-osx-x86_64, r-oldrel-osx-x86_64

Version: 1.7-5.2.2
Check: for missing documentation entries
Result: WARN
    No protocol specified
    No protocol specified
    All user-level objects in a package should have documentation entries.
    See chapter ‘Writing R documentation files’ in the ‘Writing R
    Extensions’ manual.
Flavors: r-release-osx-x86_64, r-oldrel-osx-x86_64

Version: 1.7-5.2.2
Check: for code/documentation mismatches
Result: WARN
    No protocol specified
    No protocol specified
    No protocol specified
    No protocol specified
    No protocol specified
    No protocol specified
Flavors: r-release-osx-x86_64, r-oldrel-osx-x86_64

Version: 1.7-5.2.2
Check: Rd \usage sections
Result: NOTE
    No protocol specified
    No protocol specified
    The \usage entries for S3 methods should use the \method markup and not
    their full name.
    See chapter ‘Writing R documentation files’ in the ‘Writing R
    Extensions’ manual.
Flavors: r-release-osx-x86_64, r-oldrel-osx-x86_64