Last updated on 2022-07-01 02:54:17 CEST.
Flavor | Version | Tinstall | Tcheck | Ttotal | Status | Flags |
---|---|---|---|---|---|---|
r-devel-linux-x86_64-debian-clang | 1.0.5 | 59.07 | 782.32 | 841.39 | OK | |
r-devel-linux-x86_64-debian-gcc | 1.0.5 | 47.04 | 546.57 | 593.61 | OK | |
r-devel-linux-x86_64-fedora-clang | 1.0.5 | 960.85 | NOTE | |||
r-devel-linux-x86_64-fedora-gcc | 1.0.5 | 970.82 | NOTE | |||
r-devel-windows-x86_64 | 1.0.5 | 66.00 | 817.00 | 883.00 | OK | |
r-patched-linux-x86_64 | 1.0.5 | 54.37 | 720.89 | 775.26 | OK | |
r-release-linux-x86_64 | 1.0.5 | 52.01 | 734.94 | 786.95 | OK | |
r-release-macos-arm64 | 1.0.5 | 400.00 | NOTE | |||
r-release-macos-x86_64 | 1.0.5 | 538.00 | NOTE | |||
r-release-windows-x86_64 | 1.0.5 | 61.00 | 844.00 | 905.00 | OK | |
r-oldrel-macos-arm64 | 1.0.5 | 405.00 | NOTE | |||
r-oldrel-macos-x86_64 | 1.0.5 | 519.00 | NOTE | |||
r-oldrel-windows-ix86+x86_64 | 1.0.5 | 138.00 | 1126.00 | 1264.00 | OK |
Version: 1.0.5
Check: dependencies in R code
Result: NOTE
Namespaces in Imports field not imported from:
‘phonTools’ ‘rgdal’ ‘rgeos’
All declared Imports should be used.
Flavors: r-devel-linux-x86_64-fedora-clang, r-devel-linux-x86_64-fedora-gcc, r-release-macos-arm64, r-release-macos-x86_64, r-oldrel-macos-arm64, r-oldrel-macos-x86_64