CRAN Package Check Results for Package geodrawr

Last updated on 2022-01-28 17:49:45 CET.

Flavor Version Tinstall Tcheck Ttotal Status Flags
r-devel-linux-x86_64-debian-clang 2.0.0 5.55 70.71 76.26 NOTE
r-devel-linux-x86_64-debian-gcc 2.0.0 4.61 53.65 58.26 NOTE
r-devel-linux-x86_64-fedora-clang 2.0.0 86.64 NOTE
r-devel-linux-x86_64-fedora-gcc 2.0.0 77.40 NOTE
r-devel-windows-x86_64-new-UL 2.0.0 22.00 85.00 107.00 NOTE
r-devel-windows-x86_64-new-TK 2.0.0 NOTE
r-patched-linux-x86_64 2.0.0 4.71 61.75 66.46 NOTE
r-release-linux-x86_64 2.0.0 5.15 61.73 66.88 NOTE
r-release-macos-arm64 2.0.0 NOTE
r-release-macos-x86_64 2.0.0 NOTE
r-release-windows-ix86+x86_64 2.0.0 16.00 72.00 88.00 NOTE
r-oldrel-macos-x86_64 2.0.0 OK
r-oldrel-windows-ix86+x86_64 2.0.0 16.00 78.00 94.00 OK

Check Details

Version: 2.0.0
Check: LazyData
Result: NOTE
     'LazyData' is specified without a 'data' directory
Flavors: r-devel-linux-x86_64-debian-clang, r-devel-linux-x86_64-debian-gcc, r-devel-linux-x86_64-fedora-clang, r-devel-linux-x86_64-fedora-gcc, r-devel-windows-x86_64-new-UL, r-devel-windows-x86_64-new-TK, r-patched-linux-x86_64, r-release-linux-x86_64, r-release-macos-arm64, r-release-macos-x86_64, r-release-windows-ix86+x86_64