CRAN Package Check Results for Package geosapi

Last updated on 2022-08-07 19:55:09 CEST.

Flavor Version Tinstall Tcheck Ttotal Status Flags
r-devel-linux-x86_64-debian-clang 0.6-3 41.36 86.49 127.85 NOTE
r-devel-linux-x86_64-debian-gcc 0.6-3 33.02 66.05 99.07 NOTE
r-devel-linux-x86_64-fedora-clang 0.6-3 163.52 OK
r-devel-linux-x86_64-fedora-gcc 0.6-3 163.00 OK
r-devel-windows-x86_64 0.6-3 62.00 116.00 178.00 OK
r-patched-linux-x86_64 0.6-3 46.96 74.75 121.71 OK
r-release-linux-x86_64 0.6-3 37.01 74.51 111.52 OK
r-release-macos-arm64 0.6-3 44.00 OK
r-release-macos-x86_64 0.6-3 59.00 OK
r-release-windows-x86_64 0.6-3 69.00 115.00 184.00 OK
r-oldrel-macos-arm64 0.6-3 37.00 OK
r-oldrel-macos-x86_64 0.6-3 59.00 OK
r-oldrel-windows-ix86+x86_64 0.6-3 64.00 103.00 167.00 OK

Check Details

Version: 0.6-3
Check: HTML version of manual
Result: NOTE
    Found the following HTML validation problems:
    GSAbstractCoverageStore.html:85:6: Warning: missing </span> before <p>
    GSAbstractCoverageStore.html:85:96: Warning: inserting implicit <span>
    GSAbstractCoverageStore.html:88:6: Warning: missing </span> before <p>
    GSAbstractCoverageStore.html:88:105: Warning: inserting implicit <span>
    GSAbstractCoverageStore.html:91:6: Warning: missing </span> before <p>
    GSAbstractCoverageStore.html:91:101: Warning: inserting implicit <span>
    GSAbstractCoverageStore.html:94:6: Warning: missing </span> before <p>
    GSAbstractCoverageStore.html:94:98: Warning: inserting implicit <span>
    GSAbstractCoverageStore.html:85:6: Warning: trimming empty <span>
    GSAbstractCoverageStore.html:88:6: Warning: trimming empty <span>
    GSAbstractCoverageStore.html:91:6: Warning: trimming empty <span>
    GSAbstractCoverageStore.html:94:6: Warning: trimming empty <span>
    GSAbstractDBDataStore.html:130:6: Warning: missing </span> before <p>
    GSAbstractDBDataStore.html:130:96: Warning: inserting implicit <span>
    GSAbstractDBDataStore.html:133:6: Warning: missing </span> before <p>
    GSAbstractDBDataStore.html:133:105: Warning: inserting implicit <span>
    GSAbstractDBDataStore.html:136:6: Warning: missing </span> before <p>
    GSAbstractDBDataStore.html:136:101: Warning: inserting implicit <span>
    GSAbstractDBDataStore.html:139:6: Warning: missing </span> before <p>
    GSAbstractDBDataStore.html:139:98: Warning: inserting implicit <span>
    GSAbstractDBDataStore.html:142:6: Warning: missing </span> before <p>
    GSAbstractDBDataStore.html:142:117: Warning: inserting implicit <span>
    GSAbstractDBDataStore.html:145:6: Warning: missing </span> before <p>
    GSAbstractDBDataStore.html:145:101: Warning: inserting implicit <span>
    GSAbstractDBDataStore.html:148:6: Warning: missing </span> before <p>
    GSAbstractDBDataStore.html:148:117: Warning: inserting implicit <span>
    GSAbstractDBDataStore.html:151:6: Warning: missing </span> before <p>
    GSAbstractDBDataStore.html:151:117: Warning: inserting implicit <span>
    GSAbstractDBDataStore.html:154:6: Warning: missing </span> before <p>
    GSAbstractDBDataStore.html:154:118: Warning: inserting implicit <span>
    GSAbstractDBDataStore.html:130:6: Warning: trimming empty <span>
    GSAbstractDBDataStore.html:133:6: Warning: trimming empty <span>
    GSAbstractDBDataStore.html:136:6: Warning: trimming empty <span>
    GSAbstractDBDataStore.html:139:6: Warning: trimming empty <span>
    GSAbstractDBDataStore.html:142:6: Warning: trimming empty <span>
    GSAbstractDBDataStore.html:145:6: Warning: trimming empty <span>
    GSAbstractDBDataStore.html:148:6: Warning: trimming empty <span>
    GSAbstractDBDataStore.html:151:6: Warning: trimming empty <span>
    GSAbstractDBDataStore.html:154:6: Warning: trimming empty <span>
    GSAbstractDataStore.html:94:6: Warning: missing </span> before <p>
    GSAbstractDataStore.html:94:96: Warning: inserting implicit <span>
    GSAbstractDataStore.html:97:6: Warning: missing </span> before <p>
    GSAbstractDataStore.html:97:105: Warning: inserting implicit <span>
    GSAbstractDataStore.html:100:6: Warning: missing </span> before <p>
    GSAbstractDataStore.html:100:101: Warning: inserting implicit <span>
    GSAbstractDataStore.html:103:6: Warning: missing </span> before <p>
    GSAbstractDataStore.html:103:98: Warning: inserting implicit <span>
    GSAbstractDataStore.html:94:6: Warning: trimming empty <span>
    GSAbstractDataStore.html:97:6: Warning: trimming empty <span>
    GSAbstractDataStore.html:100:6: Warning: trimming empty <span>
    GSAbstractDataStore.html:103:6: Warning: trimming empty <span>
    GSAbstractStore.html:101:6: Warning: missing </span> before <p>
    GSAbstractStore.html:101:96: Warning: inserting implicit <span>
    GSAbstractStore.html:101:6: Warning: trimming empty <span>
    GSArcGridCoverageStore.html:79:6: Warning: missing </span> before <p>
    GSArcGridCoverageStore.html:79:96: Warning: inserting implicit <span>
    GSArcGridCoverageStore.html:82:6: Warning: missing </span> before <p>
    GSArcGridCoverageStore.html:82:105: Warning: inserting implicit <span>
    GSArcGridCoverageStore.html:85:6: Warning: missing </span> before <p>
    GSArcGridCoverageStore.html:85:101: Warning: inserting implicit <span>
    GSArcGridCoverageStore.html:88:6: Warning: missing </span> before <p>
    GSArcGridCoverageStore.html:88:98: Warning: inserting implicit <span>
    GSArcGridCoverageStore.html:91:6: Warning: missing </span> before <p>
    GSArcGridCoverageStore.html:91:105: Warning: inserting implicit <span>
    GSArcGridCoverageStore.html:94:6: Warning: missing </span> before <p>
    GSArcGridCoverageStore.html:94:105: Warning: inserting implicit <span>
    GSArcGridCoverageStore.html:79:6: Warning: trimming empty <span>
    GSArcGridCoverageStore.html:82:6: Warning: trimming empty <span>
    GSArcGridCoverageStore.html:85:6: Warning: trimming empty <span>
    GSArcGridCoverageStore.html:88:6: Warning: trimming empty <span>
    GSArcGridCoverageStore.html:91:6: Warning: trimming empty <span>
    GSArcGridCoverageStore.html:94:6: Warning: trimming empty <span>
    GSCoverage.html:93:6: Warning: missing </span> before <p>
    GSCoverage.html:93:96: Warning: inserting implicit <span>
    GSCoverage.html:96:6: Warning: missing </span> before <p>
    GSCoverage.html:96:96: Warning: inserting implicit <span>
    GSCoverage.html:99:6: Warning: missing </span> before <p>
    GSCoverage.html:99:101: Warning: inserting implicit <span>
    GSCoverage.html:102:6: Warning: missing </span> before <p>
    GSCoverage.html:102:104: Warning: inserting implicit <span>
    GSCoverage.html:105:6: Warning: missing </span> before <p>
    GSCoverage.html:105:96: Warning: inserting implicit <span>
    GSCoverage.html:108:6: Warning: missing </span> before <p>
    GSCoverage.html:108:97: Warning: inserting implicit <span>
    GSCoverage.html:111:6: Warning: missing </span> before <p>
    GSCoverage.html:111:97: Warning: inserting implicit <span>
    GSCoverage.html:114:6: Warning: missing </span> before <p>
    GSCoverage.html:114:100: Warning: inserting implicit <span>
    GSCoverage.html:117:6: Warning: missing </span> before <p>
    GSCoverage.html:117:96: Warning: inserting implicit <span>
    GSCoverage.html:120:6: Warning: missing </span> before <p>
    GSCoverage.html:120:97: Warning: inserting implicit <span>
    GSCoverage.html:123:6: Warning: missing </span> before <p>
    GSCoverage.html:123:106: Warning: inserting implicit <span>
    GSCoverage.html:126:6: Warning: missing </span> before <p>
    GSCoverage.html:126:97: Warning: inserting implicit <span>
    GSCoverage.html:129:6: Warning: missing </span> before <p>
    GSCoverage.html:129:106: Warning: inserting implicit <span>
    GSCoverage.html:132:6: Warning: missing </span> before <p>
    GSCoverage.html:132:102: Warning: inserting implicit <span>
    GSCoverage.html:135:6: Warning: missing </span> before <p>
    GSCoverage.html:135:93: Warning: inserting implicit <span>
    GSCoverage.html:138:6: Warning: missing </span> before <p>
    GSCoverage.html:138:106: Warning: inserting implicit <span>
    GSCoverage.html:141:6: Warning: missing </span> before <p>
    GSCoverage.html:141:98: Warning: inserting implicit <span>
    GSCoverage.html:144:6: Warning: missing </span> before <p>
    GSCoverage.html:144:99: Warning: inserting implicit <span>
    GSCoverage.html:147:6: Warning: missing </span> before <p>
    GSCoverage.html:147:105: Warning: inserting implicit <span>
    GSCoverage.html:150:6: Warning: missing </span> before <p>
    GSCoverage.html:150:92: Warning: inserting implicit <span>
    GSCoverage.html:153:6: Warning: missing </span> before <p>
    GSCoverage.html:153:94: Warning: inserting implicit <span>
    GSCoverage.html:93:6: Warning: trimming empty <span>
    GSCoverage.html:96:6: Warning: trimming empty <span>
    GSCoverage.html:99:6: Warning: trimming empty <span>
    GSCoverage.html:102:6: Warning: trimming empty <span>
    GSCoverage.html:105:6: Warning: trimming empty <span>
    GSCoverage.html:108:6: Warning: trimming empty <span>
    GSCoverage.html:111:6: Warning: trimming empty <span>
    GSCoverage.html:114:6: Warning: trimming empty <span>
    GSCoverage.html:117:6: Warning: trimming empty <span>
    GSCoverage.html:120:6: Warning: trimming empty <span>
    GSCoverage.html:123:6: Warning: trimming empty <span>
    GSCoverage.html:126:6: Warning: trimming empty <span>
    GSCoverage.html:129:6: Warning: trimming empty <span>
    GSCoverage.html:132:6: Warning: trimming empty <span>
    GSCoverage.html:135:6: Warning: trimming empty <span>
    GSCoverage.html:138:6: Warning: trimming empty <span>
    GSCoverage.html:141:6: Warning: trimming empty <span>
    GSCoverage.html:144:6: Warning: trimming empty <span>
    GSCoverage.html:147:6: Warning: trimming empty <span>
    GSCoverage.html:150:6: Warning: trimming empty <span>
    GSCoverage.html:153:6: Warning: trimming empty <span>
    GSCoverageBand.html:146:6: Warning: missing </span> before <p>
    GSCoverageBand.html:146:96: Warning: inserting implicit <span>
    GSCoverageBand.html:146:6: Warning: trimming empty <span>
    GSCoverageStoreManager.html:116:6: Warning: missing </span> before <p>
    GSCoverageStoreManager.html:116:92: Warning: inserting implicit <span>
    GSCoverageStoreManager.html:119:6: Warning: missing </span> before <p>
    GSCoverageStoreManager.html:119:90: Warning: inserting implicit <span>
    GSCoverageStoreManager.html:122:6: Warning: missing </span> before <p>
    GSCoverageStoreManager.html:122:97: Warning: inserting implicit <span>
    GSCoverageStoreManager.html:125:6: Warning: missing </span> before <p>
    GSCoverageStoreManager.html:125:108: Warning: inserting implicit <span>
    GSCoverageStoreManager.html:128:6: Warning: missing </span> before <p>
    GSCoverageStoreManager.html:128:104: Warning: inserting implicit <span>
    GSCoverageStoreManager.html:131:6: Warning: missing </span> before <p>
    GSCoverageStoreManager.html:131:104: Warning: inserting implicit <span>
    GSCoverageStoreManager.html:134:6: Warning: missing </span> before <p>
    GSCoverageStoreManager.html:134:102: Warning: inserting implicit <span>
    GSCoverageStoreManager.html:137:6: Warning: missing </span> before <p>
    GSCoverageStoreManager.html:137:100: Warning: inserting implicit <span>
    GSCoverageStoreManager.html:140:6: Warning: missing </span> before <p>
    GSCoverageStoreManager.html:140:100: Warning: inserting implicit <span>
    GSCoverageStoreManager.html:143:6: Warning: missing </span> before <p>
    GSCoverageStoreManager.html:143:91: Warning: inserting implicit <span>
    GSCoverageStoreManager.html:146:6: Warning: missing </span> before <p>
    GSCoverageStoreManager.html:146:104: Warning: inserting implicit <span>
    GSCoverageStoreManager.html:149:6: Warning: missing </span> before <p>
    GSCoverageStoreManager.html:149:89: Warning: inserting implicit <span>
    GSCoverageStoreManager.html:152:6: Warning: missing </span> before <p>
    GSCoverageStoreManager.html:152:95: Warning: inserting implicit <span>
    GSCoverageStoreManager.html:155:6: Warning: missing </span> before <p>
    GSCoverageStoreManager.html:155:91: Warning: inserting implicit <span>
    GSCoverageStoreManager.html:158:6: Warning: missing </span> before <p>
    GSCoverageStoreManager.html:158:92: Warning: inserting implicit <span>
    GSCoverageStoreManager.html:161:6: Warning: missing </span> before <p>
    GSCoverageStoreManager.html:161:91: Warning: inserting implicit <span>
    GSCoverageStoreManager.html:164:6: Warning: missing </span> before <p>
    GSCoverageStoreManager.html:164:89: Warning: inserting implicit <span>
    GSCoverageStoreManager.html:116:6: Warning: trimming empty <span>
    GSCoverageStoreManager.html:119:6: Warning: trimming empty <span>
    GSCoverageStoreManager.html:122:6: Warning: trimming empty <span>
    GSCoverageStoreManager.html:125:6: Warning: trimming empty <span>
    GSCoverageStoreManager.html:128:6: Warning: trimming empty <span>
    GSCoverageStoreManager.html:131:6: Warning: trimming empty <span>
    GSCoverageStoreManager.html:134:6: Warning: trimming empty <span>
    GSCoverageStoreManager.html:137:6: Warning: trimming empty <span>
    GSCoverageStoreManager.html:140:6: Warning: trimming empty <span>
    GSCoverageStoreManager.html:143:6: Warning: trimming empty <span>
    GSCoverageStoreManager.html:146:6: Warning: trimming empty <span>
    GSCoverageStoreManager.html:149:6: Warning: trimming empty <span>
    GSCoverageStoreManager.html:152:6: Warning: trimming empty <span>
    GSCoverageStoreManager.html:155:6: Warning: trimming empty <span>
    GSCoverageStoreManager.html:158:6: Warning: trimming empty <span>
    GSCoverageStoreManager.html:161:6: Warning: trimming empty <span>
    GSCoverageStoreManager.html:164:6: Warning: trimming empty <span>
    GSCoverageView.html:108:6: Warning: missing </span> before <p>
    GSCoverageView.html:108:96: Warning: inserting implicit <span>
    GSCoverageView.html:108:6: Warning: trimming empty <span>
    GSDataStoreManager.html:128:6: Warning: missing </span> before <p>
    GSDataStoreManager.html:128:92: Warning: inserting implicit <span>
    GSDataStoreManager.html:131:6: Warning: missing </span> before <p>
    GSDataStoreManager.html:131:90: Warning: inserting implicit <span>
    GSDataStoreManager.html:134:6: Warning: missing </span> before <p>
    GSDataStoreManager.html:134:97: Warning: inserting implicit <span>
    GSDataStoreManager.html:137:6: Warning: missing </span> before <p>
    GSDataStoreManager.html:137:108: Warning: inserting implicit <span>
    GSDataStoreManager.html:140:6: Warning: missing </span> before <p>
    GSDataStoreManager.html:140:104: Warning: inserting implicit <span>
    GSDataStoreManager.html:143:6: Warning: missing </span> before <p>
    GSDataStoreManager.html:143:104: Warning: inserting implicit <span>
    GSDataStoreManager.html:146:6: Warning: missing </span> before <p>
    GSDataStoreManager.html:146:102: Warning: inserting implicit <span>
    GSDataStoreManager.html:149:6: Warning: missing </span> before <p>
    GSDataStoreManager.html:149:100: Warning: inserting implicit <span>
    GSDataStoreManager.html:152:6: Warning: missing </span> before <p>
    GSDataStoreManager.html:152:100: Warning: inserting implicit <span>
    GSDataStoreManager.html:155:6: Warning: missing </span> before <p>
    GSDataStoreManager.html:155:91: Warning: inserting implicit <span>
    GSDataStoreManager.html:158:6: Warning: missing </span> before <p>
    GSDataStoreManager.html:158:104: Warning: inserting implicit <span>
    GSDataStoreManager.html:161:6: Warning: missing </span> before <p>
    GSDataStoreManager.html:161:89: Warning: inserting implicit <span>
    GSDataStoreManager.html:164:6: Warning: missing </span> before <p>
    GSDataStoreManager.html:164:95: Warning: inserting implicit <span>
    GSDataStoreManager.html:167:6: Warning: missing </span> before <p>
    GSDataStoreManager.html:167:91: Warning: inserting implicit <span>
    GSDataStoreManager.html:170:6: Warning: missing </span> before <p>
    GSDataStoreManager.html:170:92: Warning: inserting implicit <span>
    GSDataStoreManager.html:173:6: Warning: missing </span> before <p>
    GSDataStoreManager.html:173:91: Warning: inserting implicit <span>
    GSDataStoreManager.html:176:6: Warning: missing </span> before <p>
    GSDataStoreManager.html:176:89: Warning: inserting implicit <span>
    GSDataStoreManager.html:128:6: Warning: trimming empty <span>
    GSDataStoreManager.html:131:6: Warning: trimming empty <span>
    GSDataStoreManager.html:134:6: Warning: trimming empty <span>
    GSDataStoreManager.html:137:6: Warning: trimming empty <span>
    GSDataStoreManager.html:140:6: Warning: trimming empty <span>
    GSDataStoreManager.html:143:6: Warning: trimming empty <span>
    GSDataStoreManager.html:146:6: Warning: trimming empty <span>
    GSDataStoreManager.html:149:6: Warning: trimming empty <span>
    GSDataStoreManager.html:152:6: Warning: trimming empty <span>
    GSDataStoreManager.html:155:6: Warning: trimming empty <span>
    GSDataStoreManager.html:158:6: Warning: trimming empty <span>
    GSDataStoreManager.html:161:6: Warning: trimming empty <span>
    GSDataStoreManager.html:164:6: Warning: trimming empty <span>
    GSDataStoreManager.html:167:6: Warning: trimming empty <span>
    GSDataStoreManager.html:170:6: Warning: trimming empty <span>
    GSDataStoreManager.html:173:6: Warning: trimming empty <span>
    GSDataStoreManager.html:176:6: Warning: trimming empty <span>
    GSDimension.html:106:6: Warning: missing </span> before <p>
    GSDimension.html:106:96: Warning: inserting implicit <span>
    GSDimension.html:106:6: Warning: trimming empty <span>
    GSFeatureDimension.html:88:6: Warning: missing </span> before <p>
    GSFeatureDimension.html:88:96: Warning: inserting implicit <span>
    GSFeatureDimension.html:91:6: Warning: missing </span> before <p>
    GSFeatureDimension.html:91:97: Warning: inserting implicit <span>
    GSFeatureDimension.html:94:6: Warning: missing </span> before <p>
    GSFeatureDimension.html:94:102: Warning: inserting implicit <span>
    GSFeatureDimension.html:97:6: Warning: missing </span> before <p>
    GSFeatureDimension.html:97:94: Warning: inserting implicit <span>
    GSFeatureDimension.html:100:6: Warning: missing </span> before <p>
    GSFeatureDimension.html:100:100: Warning: inserting implicit <span>
    GSFeatureDimension.html:88:6: Warning: trimming empty <span>
    GSFeatureDimension.html:91:6: Warning: trimming empty <span>
    GSFeatureDimension.html:94:6: Warning: trimming empty <span>
    GSFeatureDimension.html:97:6: Warning: trimming empty <span>
    GSFeatureDimension.html:100:6: Warning: trimming empty <span>
    GSFeatureType.html:96:6: Warning: missing </span> before <p>
    GSFeatureType.html:96:96: Warning: inserting implicit <span>
    GSFeatureType.html:99:6: Warning: missing </span> before <p>
    GSFeatureType.html:99:96: Warning: inserting implicit <span>
    GSFeatureType.html:102:6: Warning: missing </span> before <p>
    GSFeatureType.html:102:101: Warning: inserting implicit <span>
    GSFeatureType.html:105:6: Warning: missing </span> before <p>
    GSFeatureType.html:105:104: Warning: inserting implicit <span>
    GSFeatureType.html:108:6: Warning: missing </span> before <p>
    GSFeatureType.html:108:96: Warning: inserting implicit <span>
    GSFeatureType.html:111:6: Warning: missing </span> before <p>
    GSFeatureType.html:111:97: Warning: inserting implicit <span>
    GSFeatureType.html:114:6: Warning: missing </span> before <p>
    GSFeatureType.html:114:97: Warning: inserting implicit <span>
    GSFeatureType.html:117:6: Warning: missing </span> before <p>
    GSFeatureType.html:117:100: Warning: inserting implicit <span>
    GSFeatureType.html:120:6: Warning: missing </span> before <p>
    GSFeatureType.html:120:96: Warning: inserting implicit <span>
    GSFeatureType.html:123:6: Warning: missing </span> before <p>
    GSFeatureType.html:123:97: Warning: inserting implicit <span>
    GSFeatureType.html:126:6: Warning: missing </span> before <p>
    GSFeatureType.html:126:106: Warning: inserting implicit <span>
    GSFeatureType.html:129:6: Warning: missing </span> before <p>
    GSFeatureType.html:129:97: Warning: inserting implicit <span>
    GSFeatureType.html:132:6: Warning: missing </span> before <p>
    GSFeatureType.html:132:106: Warning: inserting implicit <span>
    GSFeatureType.html:135:6: Warning: missing </span> before <p>
    GSFeatureType.html:135:102: Warning: inserting implicit <span>
    GSFeatureType.html:138:6: Warning: missing </span> before <p>
    GSFeatureType.html:138:93: Warning: inserting implicit <span>
    GSFeatureType.html:141:6: Warning: missing </span> before <p>
    GSFeatureType.html:141:106: Warning: inserting implicit <span>
    GSFeatureType.html:144:6: Warning: missing </span> before <p>
    GSFeatureType.html:144:98: Warning: inserting implicit <span>
    GSFeatureType.html:147:6: Warning: missing </span> before <p>
    GSFeatureType.html:147:99: Warning: inserting implicit <span>
    GSFeatureType.html:150:6: Warning: missing </span> before <p>
    GSFeatureType.html:150:105: Warning: inserting implicit <span>
    GSFeatureType.html:153:6: Warning: missing </span> before <p>
    GSFeatureType.html:153:92: Warning: inserting implicit <span>
    GSFeatureType.html:156:6: Warning: missing </span> before <p>
    GSFeatureType.html:156:94: Warning: inserting implicit <span>
    GSFeatureType.html:96:6: Warning: trimming empty <span>
    GSFeatureType.html:99:6: Warning: trimming empty <span>
    GSFeatureType.html:102:6: Warning: trimming empty <span>
    GSFeatureType.html:105:6: Warning: trimming empty <span>
    GSFeatureType.html:108:6: Warning: trimming empty <span>
    GSFeatureType.html:111:6: Warning: trimming empty <span>
    GSFeatureType.html:114:6: Warning: trimming empty <span>
    GSFeatureType.html:117:6: Warning: trimming empty <span>
    GSFeatureType.html:120:6: Warning: trimming empty <span>
    GSFeatureType.html:123:6: Warning: trimming empty <span>
    GSFeatureType.html:126:6: Warning: trimming empty <span>
    GSFeatureType.html:129:6: Warning: trimming empty <span>
    GSFeatureType.html:132:6: Warning: trimming empty <span>
    GSFeatureType.html:135:6: Warning: trimming empty <span>
    GSFeatureType.html:138:6: Warning: trimming empty <span>
    GSFeatureType.html:141:6: Warning: trimming empty <span>
    GSFeatureType.html:144:6: Warning: trimming empty <span>
    GSFeatureType.html:147:6: Warning: trimming empty <span>
    GSFeatureType.html:150:6: Warning: trimming empty <span>
    GSFeatureType.html:153:6: Warning: trimming empty <span>
    GSFeatureType.html:156:6: Warning: trimming empty <span>
    GSGeoPackageDataStore.html:171:6: Warning: missing </span> before <p>
    GSGeoPackageDataStore.html:171:96: Warning: inserting implicit <span>
    GSGeoPackageDataStore.html:174:6: Warning: missing </span> before <p>
    GSGeoPackageDataStore.html:174:105: Warning: inserting implicit <span>
    GSGeoPackageDataStore.html:177:6: Warning: missing </span> before <p>
    GSGeoPackageDataStore.html:177:101: Warning: inserting implicit <span>
    GSGeoPackageDataStore.html:180:6: Warning: missing </span> before <p>
    GSGeoPackageDataStore.html:180:98: Warning: inserting implicit <span>
    GSGeoPackageDataStore.html:183:6: Warning: missing </span> before <p>
    GSGeoPackageDataStore.html:183:117: Warning: inserting implicit <span>
    GSGeoPackageDataStore.html:186:6: Warning: missing </span> before <p>
    GSGeoPackageDataStore.html:186:101: Warning: inserting implicit <span>
    GSGeoPackageDataStore.html:189:6: Warning: missing </span> before <p>
    GSGeoPackageDataStore.html:189:117: Warning: inserting implicit <span>
    GSGeoPackageDataStore.html:192:6: Warning: missing </span> before <p>
    GSGeoPackageDataStore.html:192:117: Warning: inserting implicit <span>
    GSGeoPackageDataStore.html:195:6: Warning: missing </span> before <p>
    GSGeoPackageDataStore.html:195:118: Warning: inserting implicit <span>
    GSGeoPackageDataStore.html:198:6: Warning: missing </span> before <p>
    GSGeoPackageDataStore.html:198:117: Warning: inserting implicit <span>
    GSGeoPackageDataStore.html:201:6: Warning: missing </span> before <p>
    GSGeoPackageDataStore.html:201:108: Warning: inserting implicit <span>
    GSGeoPackageDataStore.html:204:6: Warning: missing </span> before <p>
    GSGeoPackageDataStore.html:204:112: Warning: inserting implicit <span>
    GSGeoPackageDataStore.html:207:6: Warning: missing </span> before <p>
    GSGeoPackageDataStore.html:207:126: Warning: inserting implicit <span>
    GSGeoPackageDataStore.html:210:6: Warning: missing </span> before <p>
    GSGeoPackageDataStore.html:210:116: Warning: inserting implicit <span>
    GSGeoPackageDataStore.html:213:6: Warning: missing </span> before <p>
    GSGeoPackageDataStore.html:213:117: Warning: inserting implicit <span>
    GSGeoPackageDataStore.html:216:6: Warning: missing </span> before <p>
    GSGeoPackageDataStore.html:216:109: Warning: inserting implicit <span>
    GSGeoPackageDataStore.html:219:6: Warning: missing </span> before <p>
    GSGeoPackageDataStore.html:219:104: Warning: inserting implicit <span>
    GSGeoPackageDataStore.html:222:6: Warning: missing </span> before <p>
    GSGeoPackageDataStore.html:222:117: Warning: inserting implicit <span>
    GSGeoPackageDataStore.html:225:6: Warning: missing </span> before <p>
    GSGeoPackageDataStore.html:225:109: Warning: inserting implicit <span>
    GSGeoPackageDataStore.html:228:6: Warning: missing </span> before <p>
    GSGeoPackageDataStore.html:228:114: Warning: inserting implicit <span>
    GSGeoPackageDataStore.html:231:6: Warning: missing </span> before <p>
    GSGeoPackageDataStore.html:231:125: Warning: inserting implicit <span>
    GSGeoPackageDataStore.html:234:6: Warning: missing </span> before <p>
    GSGeoPackageDataStore.html:234:114: Warning: inserting implicit <span>
    GSGeoPackageDataStore.html:237:6: Warning: missing </span> before <p>
    GSGeoPackageDataStore.html:237:109: Warning: inserting implicit <span>
    GSGeoPackageDataStore.html:240:6: Warning: missing </span> before <p>
    GSGeoPackageDataStore.html:240:108: Warning: inserting implicit <span>
    GSGeoPackageDataStore.html:243:6: Warning: missing </span> before <p>
    GSGeoPackageDataStore.html:243:104: Warning: inserting implicit <span>
    GSGeoPackageDataStore.html:246:6: Warning: missing </span> before <p>
    GSGeoPackageDataStore.html:246:118: Warning: inserting implicit <span>
    GSGeoPackageDataStore.html:249:6: Warning: missing </span> before <p>
    GSGeoPackageDataStore.html:249:123: Warning: inserting implicit <span>
    GSGeoPackageDataStore.html:252:6: Warning: missing </span> before <p>
    GSGeoPackageDataStore.html:252:106: Warning: inserting implicit <span>
    GSGeoPackageDataStore.html:255:6: Warning: missing </span> before <p>
    GSGeoPackageDataStore.html:255:104: Warning: inserting implicit <span>
    GSGeoPackageDataStore.html:258:6: Warning: missing </span> before <p>
    GSGeoPackageDataStore.html:258:119: Warning: inserting implicit <span>
    GSGeoPackageDataStore.html:171:6: Warning: trimming empty <span>
    GSGeoPackageDataStore.html:174:6: Warning: trimming empty <span>
    GSGeoPackageDataStore.html:177:6: Warning: trimming empty <span>
    GSGeoPackageDataStore.html:180:6: Warning: trimming empty <span>
    GSGeoPackageDataStore.html:183:6: Warning: trimming empty <span>
    GSGeoPackageDataStore.html:186:6: Warning: trimming empty <span>
    GSGeoPackageDataStore.html:189:6: Warning: trimming empty <span>
    GSGeoPackageDataStore.html:192:6: Warning: trimming empty <span>
    GSGeoPackageDataStore.html:195:6: Warning: trimming empty <span>
    GSGeoPackageDataStore.html:198:6: Warning: trimming empty <span>
    GSGeoPackageDataStore.html:201:6: Warning: trimming empty <span>
    GSGeoPackageDataStore.html:204:6: Warning: trimming empty <span>
    GSGeoPackageDataStore.html:207:6: Warning: trimming empty <span>
    GSGeoPackageDataStore.html:210:6: Warning: trimming empty <span>
    GSGeoPackageDataStore.html:213:6: Warning: trimming empty <span>
    GSGeoPackageDataStore.html:216:6: Warning: trimming empty <span>
    GSGeoPackageDataStore.html:219:6: Warning: trimming empty <span>
    GSGeoPackageDataStore.html:222:6: Warning: trimming empty <span>
    GSGeoPackageDataStore.html:225:6: Warning: trimming empty <span>
    GSGeoPackageDataStore.html:228:6: Warning: trimming empty <span>
    GSGeoPackageDataStore.html:231:6: Warning: trimming empty <span>
    GSGeoPackageDataStore.html:234:6: Warning: trimming empty <span>
    GSGeoPackageDataStore.html:237:6: Warning: trimming empty <span>
    GSGeoPackageDataStore.html:240:6: Warning: trimming empty <span>
    GSGeoPackageDataStore.html:243:6: Warning: trimming empty <span>
    GSGeoPackageDataStore.html:246:6: Warning: trimming empty <span>
    GSGeoPackageDataStore.html:249:6: Warning: trimming empty <span>
    GSGeoPackageDataStore.html:252:6: Warning: trimming empty <span>
    GSGeoPackageDataStore.html:255:6: Warning: trimming empty <span>
    GSGeoPackageDataStore.html:258:6: Warning: trimming empty <span>
    GSGeoTIFFCoverageStore.html:79:6: Warning: missing </span> before <p>
    GSGeoTIFFCoverageStore.html:79:96: Warning: inserting implicit <span>
    GSGeoTIFFCoverageStore.html:82:6: Warning: missing </span> before <p>
    GSGeoTIFFCoverageStore.html:82:105: Warning: inserting implicit <span>
    GSGeoTIFFCoverageStore.html:85:6: Warning: missing </span> before <p>
    GSGeoTIFFCoverageStore.html:85:101: Warning: inserting implicit <span>
    GSGeoTIFFCoverageStore.html:88:6: Warning: missing </span> before <p>
    GSGeoTIFFCoverageStore.html:88:98: Warning: inserting implicit <span>
    GSGeoTIFFCoverageStore.html:91:6: Warning: missing </span> before <p>
    GSGeoTIFFCoverageStore.html:91:105: Warning: inserting implicit <span>
    GSGeoTIFFCoverageStore.html:94:6: Warning: missing </span> before <p>
    GSGeoTIFFCoverageStore.html:94:105: Warning: inserting implicit <span>
    GSGeoTIFFCoverageStore.html:79:6: Warning: trimming empty <span>
    GSGeoTIFFCoverageStore.html:82:6: Warning: trimming empty <span>
    GSGeoTIFFCoverageStore.html:85:6: Warning: trimming empty <span>
    GSGeoTIFFCoverageStore.html:88:6: Warning: trimming empty <span>
    GSGeoTIFFCoverageStore.html:91:6: Warning: trimming empty <span>
    GSGeoTIFFCoverageStore.html:94:6: Warning: trimming empty <span>
    GSImageMosaicCoverageStore.html:79:6: Warning: missing </span> before <p>
    GSImageMosaicCoverageStore.html:79:96: Warning: inserting implicit <span>
    GSImageMosaicCoverageStore.html:82:6: Warning: missing </span> before <p>
    GSImageMosaicCoverageStore.html:82:105: Warning: inserting implicit <span>
    GSImageMosaicCoverageStore.html:85:6: Warning: missing </span> before <p>
    GSImageMosaicCoverageStore.html:85:101: Warning: inserting implicit <span>
    GSImageMosaicCoverageStore.html:88:6: Warning: missing </span> before <p>
    GSImageMosaicCoverageStore.html:88:98: Warning: inserting implicit <span>
    GSImageMosaicCoverageStore.html:91:6: Warning: missing </span> before <p>
    GSImageMosaicCoverageStore.html:91:105: Warning: inserting implicit <span>
    GSImageMosaicCoverageStore.html:94:6: Warning: missing </span> before <p>
    GSImageMosaicCoverageStore.html:94:105: Warning: inserting implicit <span>
    GSImageMosaicCoverageStore.html:79:6: Warning: trimming empty <span>
    GSImageMosaicCoverageStore.html:82:6: Warning: trimming empty <span>
    GSImageMosaicCoverageStore.html:85:6: Warning: trimming empty <span>
    GSImageMosaicCoverageStore.html:88:6: Warning: trimming empty <span>
    GSImageMosaicCoverageStore.html:91:6: Warning: trimming empty <span>
    GSImageMosaicCoverageStore.html:94:6: Warning: trimming empty <span>
    GSInputCoverageBand.html:114:6: Warning: missing </span> before <p>
    GSInputCoverageBand.html:114:96: Warning: inserting implicit <span>
    GSInputCoverageBand.html:114:6: Warning: trimming empty <span>
    GSLayer.html:136:6: Warning: missing </span> before <p>
    GSLayer.html:136:96: Warning: inserting implicit <span>
    GSLayer.html:557:6: Warning: missing </span> before <p>
    GSLayer.html:557:96: Warning: inserting implicit <span>
    GSLayer.html:564:1: Warning: <a> anchor "method-new" already defined
    GSLayer.html:597:1: Warning: <a> anchor "method-decode" already defined
    GSLayer.html:626:1: Warning: <a> anchor "method-setName" already defined
    GSLayer.html:684:1: Warning: <a> anchor "method-clone" already defined
    GSLayer.html:136:6: Warning: trimming empty <span>
    GSLayer.html:557:6: Warning: trimming empty <span>
    GSLayerGroup.html:147:6: Warning: missing </span> before <p>
    GSLayerGroup.html:147:96: Warning: inserting implicit <span>
    GSLayerGroup.html:147:6: Warning: trimming empty <span>
    GSLayerManager.html:101:6: Warning: missing </span> before <p>
    GSLayerManager.html:101:92: Warning: inserting implicit <span>
    GSLayerManager.html:104:6: Warning: missing </span> before <p>
    GSLayerManager.html:104:90: Warning: inserting implicit <span>
    GSLayerManager.html:107:6: Warning: missing </span> before <p>
    GSLayerManager.html:107:97: Warning: inserting implicit <span>
    GSLayerManager.html:110:6: Warning: missing </span> before <p>
    GSLayerManager.html:110:108: Warning: inserting implicit <span>
    GSLayerManager.html:113:6: Warning: missing </span> before <p>
    GSLayerManager.html:113:104: Warning: inserting implicit <span>
    GSLayerManager.html:116:6: Warning: missing </span> before <p>
    GSLayerManager.html:116:104: Warning: inserting implicit <span>
    GSLayerManager.html:119:6: Warning: missing </span> before <p>
    GSLayerManager.html:119:102: Warning: inserting implicit <span>
    GSLayerManager.html:122:6: Warning: missing </span> before <p>
    GSLayerManager.html:122:100: Warning: inserting implicit <span>
    GSLayerManager.html:125:6: Warning: missing </span> before <p>
    GSLayerManager.html:125:100: Warning: inserting implicit <span>
    GSLayerManager.html:128:6: Warning: missing </span> before <p>
    GSLayerManager.html:128:91: Warning: inserting implicit <span>
    GSLayerManager.html:131:6: Warning: missing </span> before <p>
    GSLayerManager.html:131:104: Warning: inserting implicit <span>
    GSLayerManager.html:134:6: Warning: missing </span> before <p>
    GSLayerManager.html:134:89: Warning: inserting implicit <span>
    GSLayerManager.html:137:6: Warning: missing </span> before <p>
    GSLayerManager.html:137:95: Warning: inserting implicit <span>
    GSLayerManager.html:140:6: Warning: missing </span> before <p>
    GSLayerManager.html:140:91: Warning: inserting implicit <span>
    GSLayerManager.html:143:6: Warning: missing </span> before <p>
    GSLayerManager.html:143:92: Warning: inserting implicit <span>
    GSLayerManager.html:146:6: Warning: missing </span> before <p>
    GSLayerManager.html:146:91: Warning: inserting implicit <span>
    GSLayerManager.html:149:6: Warning: missing </span> before <p>
    GSLayerManager.html:149:89: Warning: inserting implicit <span>
    GSLayerManager.html:101:6: Warning: trimming empty <span>
    GSLayerManager.html:104:6: Warning: trimming empty <span>
    GSLayerManager.html:107:6: Warning: trimming empty <span>
    GSLayerManager.html:110:6: Warning: trimming empty <span>
    GSLayerManager.html:113:6: Warning: trimming empty <span>
    GSLayerManager.html:116:6: Warning: trimming empty <span>
    GSLayerManager.html:119:6: Warning: trimming empty <span>
    GSLayerManager.html:122:6: Warning: trimming empty <span>
    GSLayerManager.html:125:6: Warning: trimming empty <span>
    GSLayerManager.html:128:6: Warning: trimming empty <span>
    GSLayerManager.html:131:6: Warning: trimming empty <span>
    GSLayerManager.html:134:6: Warning: trimming empty <span>
    GSLayerManager.html:137:6: Warning: trimming empty <span>
    GSLayerManager.html:140:6: Warning: trimming empty <span>
    GSLayerManager.html:143:6: Warning: trimming empty <span>
    GSLayerManager.html:146:6: Warning: trimming empty <span>
    GSLayerManager.html:149:6: Warning: trimming empty <span>
    GSMetadataLink.html:102:6: Warning: missing </span> before <p>
    GSMetadataLink.html:102:96: Warning: inserting implicit <span>
    GSMetadataLink.html:102:6: Warning: trimming empty <span>
    GSNamespace.html:88:6: Warning: missing </span> before <p>
    GSNamespace.html:88:96: Warning: inserting implicit <span>
    GSNamespace.html:88:6: Warning: trimming empty <span>
    GSNamespaceManager.html:83:6: Warning: missing </span> before <p>
    GSNamespaceManager.html:83:92: Warning: inserting implicit <span>
    GSNamespaceManager.html:86:6: Warning: missing </span> before <p>
    GSNamespaceManager.html:86:90: Warning: inserting implicit <span>
    GSNamespaceManager.html:89:6: Warning: missing </span> before <p>
    GSNamespaceManager.html:89:97: Warning: inserting implicit <span>
    GSNamespaceManager.html:92:6: Warning: missing </span> before <p>
    GSNamespaceManager.html:92:108: Warning: inserting implicit <span>
    GSNamespaceManager.html:95:6: Warning: missing </span> before <p>
    GSNamespaceManager.html:95:104: Warning: inserting implicit <span>
    GSNamespaceManager.html:98:6: Warning: missing </span> before <p>
    GSNamespaceManager.html:98:104: Warning: inserting implicit <span>
    GSNamespaceManager.html:101:6: Warning: missing </span> before <p>
    GSNamespaceManager.html:101:102: Warning: inserting implicit <span>
    GSNamespaceManager.html:104:6: Warning: missing </span> before <p>
    GSNamespaceManager.html:104:100: Warning: inserting implicit <span>
    GSNamespaceManager.html:107:6: Warning: missing </span> before <p>
    GSNamespaceManager.html:107:100: Warning: inserting implicit <span>
    GSNamespaceManager.html:110:6: Warning: missing </span> before <p>
    GSNamespaceManager.html:110:91: Warning: inserting implicit <span>
    GSNamespaceManager.html:113:6: Warning: missing </span> before <p>
    GSNamespaceManager.html:113:104: Warning: inserting implicit <span>
    GSNamespaceManager.html:116:6: Warning: missing </span> before <p>
    GSNamespaceManager.html:116:89: Warning: inserting implicit <span>
    GSNamespaceManager.html:119:6: Warning: missing </span> before <p>
    GSNamespaceManager.html:119:95: Warning: inserting implicit <span>
    GSNamespaceManager.html:122:6: Warning: missing </span> before <p>
    GSNamespaceManager.html:122:91: Warning: inserting implicit <span>
    GSNamespaceManager.html:125:6: Warning: missing </span> before <p>
    GSNamespaceManager.html:125:92: Warning: inserting implicit <span>
    GSNamespaceManager.html:128:6: Warning: missing </span> before <p>
    GSNamespaceManager.html:128:91: Warning: inserting implicit <span>
    GSNamespaceManager.html:131:6: Warning: missing </span> before <p>
    GSNamespaceManager.html:131:89: Warning: inserting implicit <span>
    GSNamespaceManager.html:83:6: Warning: trimming empty <span>
    GSNamespaceManager.html:86:6: Warning: trimming empty <span>
    GSNamespaceManager.html:89:6: Warning: trimming empty <span>
    GSNamespaceManager.html:92:6: Warning: trimming empty <span>
    GSNamespaceManager.html:95:6: Warning: trimming empty <span>
    GSNamespaceManager.html:98:6: Warning: trimming empty <span>
    GSNamespaceManager.html:101:6: Warning: trimming empty <span>
    GSNamespaceManager.html:104:6: Warning: trimming empty <span>
    GSNamespaceManager.html:107:6: Warning: trimming empty <span>
    GSNamespaceManager.html:110:6: Warning: trimming empty <span>
    GSNamespaceManager.html:113:6: Warning: trimming empty <span>
    GSNamespaceManager.html:116:6: Warning: trimming empty <span>
    GSNamespaceManager.html:119:6: Warning: trimming empty <span>
    GSNamespaceManager.html:122:6: Warning: trimming empty <span>
    GSNamespaceManager.html:125:6: Warning: trimming empty <span>
    GSNamespaceManager.html:128:6: Warning: trimming empty <span>
    GSNamespaceManager.html:131:6: Warning: trimming empty <span>
    GSOracleNGDataStore.html:171:6: Warning: missing </span> before <p>
    GSOracleNGDataStore.html:171:96: Warning: inserting implicit <span>
    GSOracleNGDataStore.html:174:6: Warning: missing </span> before <p>
    GSOracleNGDataStore.html:174:105: Warning: inserting implicit <span>
    GSOracleNGDataStore.html:177:6: Warning: missing </span> before <p>
    GSOracleNGDataStore.html:177:101: Warning: inserting implicit <span>
    GSOracleNGDataStore.html:180:6: Warning: missing </span> before <p>
    GSOracleNGDataStore.html:180:98: Warning: inserting implicit <span>
    GSOracleNGDataStore.html:183:6: Warning: missing </span> before <p>
    GSOracleNGDataStore.html:183:117: Warning: inserting implicit <span>
    GSOracleNGDataStore.html:186:6: Warning: missing </span> before <p>
    GSOracleNGDataStore.html:186:101: Warning: inserting implicit <span>
    GSOracleNGDataStore.html:189:6: Warning: missing </span> before <p>
    GSOracleNGDataStore.html:189:117: Warning: inserting implicit <span>
    GSOracleNGDataStore.html:192:6: Warning: missing </span> before <p>
    GSOracleNGDataStore.html:192:117: Warning: inserting implicit <span>
    GSOracleNGDataStore.html:195:6: Warning: missing </span> before <p>
    GSOracleNGDataStore.html:195:118: Warning: inserting implicit <span>
    GSOracleNGDataStore.html:198:6: Warning: missing </span> before <p>
    GSOracleNGDataStore.html:198:117: Warning: inserting implicit <span>
    GSOracleNGDataStore.html:201:6: Warning: missing </span> before <p>
    GSOracleNGDataStore.html:201:108: Warning: inserting implicit <span>
    GSOracleNGDataStore.html:204:6: Warning: missing </span> before <p>
    GSOracleNGDataStore.html:204:112: Warning: inserting implicit <span>
    GSOracleNGDataStore.html:207:6: Warning: missing </span> before <p>
    GSOracleNGDataStore.html:207:126: Warning: inserting implicit <span>
    GSOracleNGDataStore.html:210:6: Warning: missing </span> before <p>
    GSOracleNGDataStore.html:210:116: Warning: inserting implicit <span>
    GSOracleNGDataStore.html:213:6: Warning: missing </span> before <p>
    GSOracleNGDataStore.html:213:117: Warning: inserting implicit <span>
    GSOracleNGDataStore.html:216:6: Warning: missing </span> before <p>
    GSOracleNGDataStore.html:216:109: Warning: inserting implicit <span>
    GSOracleNGDataStore.html:219:6: Warning: missing </span> before <p>
    GSOracleNGDataStore.html:219:104: Warning: inserting implicit <span>
    GSOracleNGDataStore.html:222:6: Warning: missing </span> before <p>
    GSOracleNGDataStore.html:222:117: Warning: inserting implicit <span>
    GSOracleNGDataStore.html:225:6: Warning: missing </span> before <p>
    GSOracleNGDataStore.html:225:109: Warning: inserting implicit <span>
    GSOracleNGDataStore.html:228:6: Warning: missing </span> before <p>
    GSOracleNGDataStore.html:228:114: Warning: inserting implicit <span>
    GSOracleNGDataStore.html:231:6: Warning: missing </span> before <p>
    GSOracleNGDataStore.html:231:125: Warning: inserting implicit <span>
    GSOracleNGDataStore.html:234:6: Warning: missing </span> before <p>
    GSOracleNGDataStore.html:234:114: Warning: inserting implicit <span>
    GSOracleNGDataStore.html:237:6: Warning: missing </span> before <p>
    GSOracleNGDataStore.html:237:109: Warning: inserting implicit <span>
    GSOracleNGDataStore.html:240:6: Warning: missing </span> before <p>
    GSOracleNGDataStore.html:240:108: Warning: inserting implicit <span>
    GSOracleNGDataStore.html:243:6: Warning: missing </span> before <p>
    GSOracleNGDataStore.html:243:104: Warning: inserting implicit <span>
    GSOracleNGDataStore.html:246:6: Warning: missing </span> before <p>
    GSOracleNGDataStore.html:246:118: Warning: inserting implicit <span>
    GSOracleNGDataStore.html:249:6: Warning: missing </span> before <p>
    GSOracleNGDataStore.html:249:123: Warning: inserting implicit <span>
    GSOracleNGDataStore.html:252:6: Warning: missing </span> before <p>
    GSOracleNGDataStore.html:252:106: Warning: inserting implicit <span>
    GSOracleNGDataStore.html:255:6: Warning: missing </span> before <p>
    GSOracleNGDataStore.html:255:104: Warning: inserting implicit <span>
    GSOracleNGDataStore.html:258:6: Warning: missing </span> before <p>
    GSOracleNGDataStore.html:258:119: Warning: inserting implicit <span>
    GSOracleNGDataStore.html:171:6: Warning: trimming empty <span>
    GSOracleNGDataStore.html:174:6: Warning: trimming empty <span>
    GSOracleNGDataStore.html:177:6: Warning: trimming empty <span>
    GSOracleNGDataStore.html:180:6: Warning: trimming empty <span>
    GSOracleNGDataStore.html:183:6: Warning: trimming empty <span>
    GSOracleNGDataStore.html:186:6: Warning: trimming empty <span>
    GSOracleNGDataStore.html:189:6: Warning: trimming empty <span>
    GSOracleNGDataStore.html:192:6: Warning: trimming empty <span>
    GSOracleNGDataStore.html:195:6: Warning: trimming empty <span>
    GSOracleNGDataStore.html:198:6: Warning: trimming empty <span>
    GSOracleNGDataStore.html:201:6: Warning: trimming empty <span>
    GSOracleNGDataStore.html:204:6: Warning: trimming empty <span>
    GSOracleNGDataStore.html:207:6: Warning: trimming empty <span>
    GSOracleNGDataStore.html:210:6: Warning: trimming empty <span>
    GSOracleNGDataStore.html:213:6: Warning: trimming empty <span>
    GSOracleNGDataStore.html:216:6: Warning: trimming empty <span>
    GSOracleNGDataStore.html:219:6: Warning: trimming empty <span>
    GSOracleNGDataStore.html:222:6: Warning: trimming empty <span>
    GSOracleNGDataStore.html:225:6: Warning: trimming empty <span>
    GSOracleNGDataStore.html:228:6: Warning: trimming empty <span>
    GSOracleNGDataStore.html:231:6: Warning: trimming empty <span>
    GSOracleNGDataStore.html:234:6: Warning: trimming empty <span>
    GSOracleNGDataStore.html:237:6: Warning: trimming empty <span>
    GSOracleNGDataStore.html:240:6: Warning: trimming empty <span>
    GSOracleNGDataStore.html:243:6: Warning: trimming empty <span>
    GSOracleNGDataStore.html:246:6: Warning: trimming empty <span>
    GSOracleNGDataStore.html:249:6: Warning: trimming empty <span>
    GSOracleNGDataStore.html:252:6: Warning: trimming empty <span>
    GSOracleNGDataStore.html:255:6: Warning: trimming empty <span>
    GSOracleNGDataStore.html:258:6: Warning: trimming empty <span>
    GSPostGISDataStore.html:67:6: Warning: missing </span> before <p>
    GSPostGISDataStore.html:67:96: Warning: inserting implicit <span>
    GSPostGISDataStore.html:70:6: Warning: missing </span> before <p>
    GSPostGISDataStore.html:70:105: Warning: inserting implicit <span>
    GSPostGISDataStore.html:73:6: Warning: missing </span> before <p>
    GSPostGISDataStore.html:73:101: Warning: inserting implicit <span>
    GSPostGISDataStore.html:76:6: Warning: missing </span> before <p>
    GSPostGISDataStore.html:76:98: Warning: inserting implicit <span>
    GSPostGISDataStore.html:79:6: Warning: missing </span> before <p>
    GSPostGISDataStore.html:79:117: Warning: inserting implicit <span>
    GSPostGISDataStore.html:82:6: Warning: missing </span> before <p>
    GSPostGISDataStore.html:82:101: Warning: inserting implicit <span>
    GSPostGISDataStore.html:85:6: Warning: missing </span> before <p>
    GSPostGISDataStore.html:85:117: Warning: inserting implicit <span>
    GSPostGISDataStore.html:88:6: Warning: missing </span> before <p>
    GSPostGISDataStore.html:88:117: Warning: inserting implicit <span>
    GSPostGISDataStore.html:91:6: Warning: missing </span> before <p>
    GSPostGISDataStore.html:91:118: Warning: inserting implicit <span>
    GSPostGISDataStore.html:94:6: Warning: missing </span> before <p>
    GSPostGISDataStore.html:94:117: Warning: inserting implicit <span>
    GSPostGISDataStore.html:97:6: Warning: missing </span> before <p>
    GSPostGISDataStore.html:97:108: Warning: inserting implicit <span>
    GSPostGISDataStore.html:100:6: Warning: missing </span> before <p>
    GSPostGISDataStore.html:100:112: Warning: inserting implicit <span>
    GSPostGISDataStore.html:103:6: Warning: missing </span> before <p>
    GSPostGISDataStore.html:103:126: Warning: inserting implicit <span>
    GSPostGISDataStore.html:106:6: Warning: missing </span> before <p>
    GSPostGISDataStore.html:106:116: Warning: inserting implicit <span>
    GSPostGISDataStore.html:109:6: Warning: missing </span> before <p>
    GSPostGISDataStore.html:109:117: Warning: inserting implicit <span>
    GSPostGISDataStore.html:112:6: Warning: missing </span> before <p>
    GSPostGISDataStore.html:112:109: Warning: inserting implicit <span>
    GSPostGISDataStore.html:115:6: Warning: missing </span> before <p>
    GSPostGISDataStore.html:115:104: Warning: inserting implicit <span>
    GSPostGISDataStore.html:118:6: Warning: missing </span> before <p>
    GSPostGISDataStore.html:118:117: Warning: inserting implicit <span>
    GSPostGISDataStore.html:121:6: Warning: missing </span> before <p>
    GSPostGISDataStore.html:121:109: Warning: inserting implicit <span>
    GSPostGISDataStore.html:124:6: Warning: missing </span> before <p>
    GSPostGISDataStore.html:124:114: Warning: inserting implicit <span>
    GSPostGISDataStore.html:127:6: Warning: missing </span> before <p>
    GSPostGISDataStore.html:127:125: Warning: inserting implicit <span>
    GSPostGISDataStore.html:130:6: Warning: missing </span> before <p>
    GSPostGISDataStore.html:130:114: Warning: inserting implicit <span>
    GSPostGISDataStore.html:133:6: Warning: missing </span> before <p>
    GSPostGISDataStore.html:133:109: Warning: inserting implicit <span>
    GSPostGISDataStore.html:136:6: Warning: missing </span> before <p>
    GSPostGISDataStore.html:136:108: Warning: inserting implicit <span>
    GSPostGISDataStore.html:139:6: Warning: missing </span> before <p>
    GSPostGISDataStore.html:139:104: Warning: inserting implicit <span>
    GSPostGISDataStore.html:142:6: Warning: missing </span> before <p>
    GSPostGISDataStore.html:142:118: Warning: inserting implicit <span>
    GSPostGISDataStore.html:145:6: Warning: missing </span> before <p>
    GSPostGISDataStore.html:145:123: Warning: inserting implicit <span>
    GSPostGISDataStore.html:148:6: Warning: missing </span> before <p>
    GSPostGISDataStore.html:148:106: Warning: inserting implicit <span>
    GSPostGISDataStore.html:151:6: Warning: missing </span> before <p>
    GSPostGISDataStore.html:151:104: Warning: inserting implicit <span>
    GSPostGISDataStore.html:154:6: Warning: missing </span> before <p>
    GSPostGISDataStore.html:154:119: Warning: inserting implicit <span>
    GSPostGISDataStore.html:67:6: Warning: trimming empty <span>
    GSPostGISDataStore.html:70:6: Warning: trimming empty <span>
    GSPostGISDataStore.html:73:6: Warning: trimming empty <span>
    GSPostGISDataStore.html:76:6: Warning: trimming empty <span>
    GSPostGISDataStore.html:79:6: Warning: trimming empty <span>
    GSPostGISDataStore.html:82:6: Warning: trimming empty <span>
    GSPostGISDataStore.html:85:6: Warning: trimming empty <span>
    GSPostGISDataStore.html:88:6: Warning: trimming empty <span>
    GSPostGISDataStore.html:91:6: Warning: trimming empty <span>
    GSPostGISDataStore.html:94:6: Warning: trimming empty <span>
    GSPostGISDataStore.html:97:6: Warning: trimming empty <span>
    GSPostGISDataStore.html:100:6: Warning: trimming empty <span>
    GSPostGISDataStore.html:103:6: Warning: trimming empty <span>
    GSPostGISDataStore.html:106:6: Warning: trimming empty <span>
    GSPostGISDataStore.html:109:6: Warning: trimming empty <span>
    GSPostGISDataStore.html:112:6: Warning: trimming empty <span>
    GSPostGISDataStore.html:115:6: Warning: trimming empty <span>
    GSPostGISDataStore.html:118:6: Warning: trimming empty <span>
    GSPostGISDataStore.html:121:6: Warning: trimming empty <span>
    GSPostGISDataStore.html:124:6: Warning: trimming empty <span>
    GSPostGISDataStore.html:127:6: Warning: trimming empty <span>
    GSPostGISDataStore.html:130:6: Warning: trimming empty <span>
    GSPostGISDataStore.html:133:6: Warning: trimming empty <span>
    GSPostGISDataStore.html:136:6: Warning: trimming empty <span>
    GSPostGISDataStore.html:139:6: Warning: trimming empty <span>
    GSPostGISDataStore.html:142:6: Warning: trimming empty <span>
    GSPostGISDataStore.html:145:6: Warning: trimming empty <span>
    GSPostGISDataStore.html:148:6: Warning: trimming empty <span>
    GSPostGISDataStore.html:151:6: Warning: trimming empty <span>
    GSPostGISDataStore.html:154:6: Warning: trimming empty <span>
    GSPublishable.html:92:6: Warning: missing </span> before <p>
    GSPublishable.html:92:96: Warning: inserting implicit <span>
    GSPublishable.html:92:6: Warning: trimming empty <span>
    GSRESTEntrySet.html:94:6: Warning: missing </span> before <p>
    GSRESTEntrySet.html:94:96: Warning: inserting implicit <span>
    GSRESTEntrySet.html:94:6: Warning: trimming empty <span>
    GSResource.html:267:6: Warning: missing </span> before <p>
    GSResource.html:267:96: Warning: inserting implicit <span>
    GSResource.html:267:6: Warning: trimming empty <span>
    GSServiceManager.html:207:6: Warning: missing </span> before <p>
    GSServiceManager.html:207:92: Warning: inserting implicit <span>
    GSServiceManager.html:210:6: Warning: missing </span> before <p>
    GSServiceManager.html:210:90: Warning: inserting implicit <span>
    GSServiceManager.html:213:6: Warning: missing </span> before <p>
    GSServiceManager.html:213:97: Warning: inserting implicit <span>
    GSServiceManager.html:216:6: Warning: missing </span> before <p>
    GSServiceManager.html:216:108: Warning: inserting implicit <span>
    GSServiceManager.html:219:6: Warning: missing </span> before <p>
    GSServiceManager.html:219:104: Warning: inserting implicit <span>
    GSServiceManager.html:222:6: Warning: missing </span> before <p>
    GSServiceManager.html:222:104: Warning: inserting implicit <span>
    GSServiceManager.html:225:6: Warning: missing </span> before <p>
    GSServiceManager.html:225:102: Warning: inserting implicit <span>
    GSServiceManager.html:228:6: Warning: missing </span> before <p>
    GSServiceManager.html:228:100: Warning: inserting implicit <span>
    GSServiceManager.html:231:6: Warning: missing </span> before <p>
    GSServiceManager.html:231:100: Warning: inserting implicit <span>
    GSServiceManager.html:234:6: Warning: missing </span> before <p>
    GSServiceManager.html:234:91: Warning: inserting implicit <span>
    GSServiceManager.html:237:6: Warning: missing </span> before <p>
    GSServiceManager.html:237:104: Warning: inserting implicit <span>
    GSServiceManager.html:240:6: Warning: missing </span> before <p>
    GSServiceManager.html:240:89: Warning: inserting implicit <span>
    GSServiceManager.html:243:6: Warning: missing </span> before <p>
    GSServiceManager.html:243:95: Warning: inserting implicit <span>
    GSServiceManager.html:246:6: Warning: missing </span> before <p>
    GSServiceManager.html:246:91: Warning: inserting implicit <span>
    GSServiceManager.html:249:6: Warning: missing </span> before <p>
    GSServiceManager.html:249:92: Warning: inserting implicit <span>
    GSServiceManager.html:252:6: Warning: missing </span> before <p>
    GSServiceManager.html:252:91: Warning: inserting implicit <span>
    GSServiceManager.html:255:6: Warning: missing </span> before <p>
    GSServiceManager.html:255:89: Warning: inserting implicit <span>
    GSServiceManager.html:207:6: Warning: trimming empty <span>
    GSServiceManager.html:210:6: Warning: trimming empty <span>
    GSServiceManager.html:213:6: Warning: trimming empty <span>
    GSServiceManager.html:216:6: Warning: trimming empty <span>
    GSServiceManager.html:219:6: Warning: trimming empty <span>
    GSServiceManager.html:222:6: Warning: trimming empty <span>
    GSServiceManager.html:225:6: Warning: trimming empty <span>
    GSServiceManager.html:228:6: Warning: trimming empty <span>
    GSServiceManager.html:231:6: Warning: trimming empty <span>
    GSServiceManager.html:234:6: Warning: trimming empty <span>
    GSServiceManager.html:237:6: Warning: trimming empty <span>
    GSServiceManager.html:240:6: Warning: trimming empty <span>
    GSServiceManager.html:243:6: Warning: trimming empty <span>
    GSServiceManager.html:246:6: Warning: trimming empty <span>
    GSServiceManager.html:249:6: Warning: trimming empty <span>
    GSServiceManager.html:252:6: Warning: trimming empty <span>
    GSServiceManager.html:255:6: Warning: trimming empty <span>
    GSServiceSettings.html:212:6: Warning: missing </span> before <p>
    GSServiceSettings.html:212:96: Warning: inserting implicit <span>
    GSServiceSettings.html:212:6: Warning: trimming empty <span>
    GSShapefileDataStore.html:121:6: Warning: missing </span> before <p>
    GSShapefileDataStore.html:121:96: Warning: inserting implicit <span>
    GSShapefileDataStore.html:124:6: Warning: missing </span> before <p>
    GSShapefileDataStore.html:124:105: Warning: inserting implicit <span>
    GSShapefileDataStore.html:127:6: Warning: missing </span> before <p>
    GSShapefileDataStore.html:127:101: Warning: inserting implicit <span>
    GSShapefileDataStore.html:130:6: Warning: missing </span> before <p>
    GSShapefileDataStore.html:130:98: Warning: inserting implicit <span>
    GSShapefileDataStore.html:133:6: Warning: missing </span> before <p>
    GSShapefileDataStore.html:133:117: Warning: inserting implicit <span>
    GSShapefileDataStore.html:136:6: Warning: missing </span> before <p>
    GSShapefileDataStore.html:136:101: Warning: inserting implicit <span>
    GSShapefileDataStore.html:139:6: Warning: missing </span> before <p>
    GSShapefileDataStore.html:139:117: Warning: inserting implicit <span>
    GSShapefileDataStore.html:142:6: Warning: missing </span> before <p>
    GSShapefileDataStore.html:142:117: Warning: inserting implicit <span>
    GSShapefileDataStore.html:145:6: Warning: missing </span> before <p>
    GSShapefileDataStore.html:145:118: Warning: inserting implicit <span>
    GSShapefileDataStore.html:121:6: Warning: trimming empty <span>
    GSShapefileDataStore.html:124:6: Warning: trimming empty <span>
    GSShapefileDataStore.html:127:6: Warning: trimming empty <span>
    GSShapefileDataStore.html:130:6: Warning: trimming empty <span>
    GSShapefileDataStore.html:133:6: Warning: trimming empty <span>
    GSShapefileDataStore.html:136:6: Warning: trimming empty <span>
    GSShapefileDataStore.html:139:6: Warning: trimming empty <span>
    GSShapefileDataStore.html:142:6: Warning: trimming empty <span>
    GSShapefileDataStore.html:145:6: Warning: trimming empty <span>
    GSShapefileDirectoryDataStore.html:85:6: Warning: missing </span> before <p>
    GSShapefileDirectoryDataStore.html:85:96: Warning: inserting implicit <span>
    GSShapefileDirectoryDataStore.html:88:6: Warning: missing </span> before <p>
    GSShapefileDirectoryDataStore.html:88:105: Warning: inserting implicit <span>
    GSShapefileDirectoryDataStore.html:91:6: Warning: missing </span> before <p>
    GSShapefileDirectoryDataStore.html:91:101: Warning: inserting implicit <span>
    GSShapefileDirectoryDataStore.html:94:6: Warning: missing </span> before <p>
    GSShapefileDirectoryDataStore.html:94:98: Warning: inserting implicit <span>
    GSShapefileDirectoryDataStore.html:97:6: Warning: missing </span> before <p>
    GSShapefileDirectoryDataStore.html:97:117: Warning: inserting implicit <span>
    GSShapefileDirectoryDataStore.html:100:6: Warning: missing </span> before <p>
    GSShapefileDirectoryDataStore.html:100:101: Warning: inserting implicit <span>
    GSShapefileDirectoryDataStore.html:103:6: Warning: missing </span> before <p>
    GSShapefileDirectoryDataStore.html:103:117: Warning: inserting implicit <span>
    GSShapefileDirectoryDataStore.html:106:6: Warning: missing </span> before <p>
    GSShapefileDirectoryDataStore.html:106:117: Warning: inserting implicit <span>
    GSShapefileDirectoryDataStore.html:109:6: Warning: missing </span> before <p>
    GSShapefileDirectoryDataStore.html:109:118: Warning: inserting implicit <span>
    GSShapefileDirectoryDataStore.html:85:6: Warning: trimming empty <span>
    GSShapefileDirectoryDataStore.html:88:6: Warning: trimming empty <span>
    GSShapefileDirectoryDataStore.html:91:6: Warning: trimming empty <span>
    GSShapefileDirectoryDataStore.html:94:6: Warning: trimming empty <span>
    GSShapefileDirectoryDataStore.html:97:6: Warning: trimming empty <span>
    GSShapefileDirectoryDataStore.html:100:6: Warning: trimming empty <span>
    GSShapefileDirectoryDataStore.html:103:6: Warning: trimming empty <span>
    GSShapefileDirectoryDataStore.html:106:6: Warning: trimming empty <span>
    GSShapefileDirectoryDataStore.html:109:6: Warning: trimming empty <span>
    GSStyleManager.html:132:6: Warning: missing </span> before <p>
    GSStyleManager.html:132:92: Warning: inserting implicit <span>
    GSStyleManager.html:135:6: Warning: missing </span> before <p>
    GSStyleManager.html:135:90: Warning: inserting implicit <span>
    GSStyleManager.html:138:6: Warning: missing </span> before <p>
    GSStyleManager.html:138:97: Warning: inserting implicit <span>
    GSStyleManager.html:141:6: Warning: missing </span> before <p>
    GSStyleManager.html:141:108: Warning: inserting implicit <span>
    GSStyleManager.html:144:6: Warning: missing </span> before <p>
    GSStyleManager.html:144:104: Warning: inserting implicit <span>
    GSStyleManager.html:147:6: Warning: missing </span> before <p>
    GSStyleManager.html:147:104: Warning: inserting implicit <span>
    GSStyleManager.html:150:6: Warning: missing </span> before <p>
    GSStyleManager.html:150:102: Warning: inserting implicit <span>
    GSStyleManager.html:153:6: Warning: missing </span> before <p>
    GSStyleManager.html:153:100: Warning: inserting implicit <span>
    GSStyleManager.html:156:6: Warning: missing </span> before <p>
    GSStyleManager.html:156:100: Warning: inserting implicit <span>
    GSStyleManager.html:159:6: Warning: missing </span> before <p>
    GSStyleManager.html:159:91: Warning: inserting implicit <span>
    GSStyleManager.html:162:6: Warning: missing </span> before <p>
    GSStyleManager.html:162:104: Warning: inserting implicit <span>
    GSStyleManager.html:165:6: Warning: missing </span> before <p>
    GSStyleManager.html:165:89: Warning: inserting implicit <span>
    GSStyleManager.html:168:6: Warning: missing </span> before <p>
    GSStyleManager.html:168:95: Warning: inserting implicit <span>
    GSStyleManager.html:171:6: Warning: missing </span> before <p>
    GSStyleManager.html:171:91: Warning: inserting implicit <span>
    GSStyleManager.html:174:6: Warning: missing </span> before <p>
    GSStyleManager.html:174:92: Warning: inserting implicit <span>
    GSStyleManager.html:177:6: Warning: missing </span> before <p>
    GSStyleManager.html:177:91: Warning: inserting implicit <span>
    GSStyleManager.html:180:6: Warning: missing </span> before <p>
    GSStyleManager.html:180:89: Warning: inserting implicit <span>
    GSStyleManager.html:132:6: Warning: trimming empty <span>
    GSStyleManager.html:135:6: Warning: trimming empty <span>
    GSStyleManager.html:138:6: Warning: trimming empty <span>
    GSStyleManager.html:141:6: Warning: trimming empty <span>
    GSStyleManager.html:144:6: Warning: trimming empty <span>
    GSStyleManager.html:147:6: Warning: trimming empty <span>
    GSStyleManager.html:150:6: Warning: trimming empty <span>
    GSStyleManager.html:153:6: Warning: trimming empty <span>
    GSStyleManager.html:156:6: Warning: trimming empty <span>
    GSStyleManager.html:159:6: Warning: trimming empty <span>
    GSStyleManager.html:162:6: Warning: trimming empty <span>
    GSStyleManager.html:165:6: Warning: trimming empty <span>
    GSStyleManager.html:168:6: Warning: trimming empty <span>
    GSStyleManager.html:171:6: Warning: trimming empty <span>
    GSStyleManager.html:174:6: Warning: trimming empty <span>
    GSStyleManager.html:177:6: Warning: trimming empty <span>
    GSStyleManager.html:180:6: Warning: trimming empty <span>
    GSVirtualTable.html:161:6: Warning: missing </span> before <p>
    GSVirtualTable.html:161:96: Warning: inserting implicit <span>
    GSVirtualTable.html:161:6: Warning: trimming empty <span>
    GSVirtualTableGeometry.html:86:6: Warning: missing </span> before <p>
    GSVirtualTableGeometry.html:86:96: Warning: inserting implicit <span>
    GSVirtualTableGeometry.html:86:6: Warning: trimming empty <span>
    GSVirtualTableParameter.html:86:6: Warning: missing </span> before <p>
    GSVirtualTableParameter.html:86:96: Warning: inserting implicit <span>
    GSVirtualTableParameter.html:86:6: Warning: trimming empty <span>
    GSWorkspace.html:82:6: Warning: missing </span> before <p>
    GSWorkspace.html:82:96: Warning: inserting implicit <span>
    GSWorkspace.html:82:6: Warning: trimming empty <span>
    GSWorkspaceManager.html:95:6: Warning: missing </span> before <p>
    GSWorkspaceManager.html:95:92: Warning: inserting implicit <span>
    GSWorkspaceManager.html:98:6: Warning: missing </span> before <p>
    GSWorkspaceManager.html:98:90: Warning: inserting implicit <span>
    GSWorkspaceManager.html:101:6: Warning: missing </span> before <p>
    GSWorkspaceManager.html:101:97: Warning: inserting implicit <span>
    GSWorkspaceManager.html:104:6: Warning: missing </span> before <p>
    GSWorkspaceManager.html:104:108: Warning: inserting implicit <span>
    GSWorkspaceManager.html:107:6: Warning: missing </span> before <p>
    GSWorkspaceManager.html:107:104: Warning: inserting implicit <span>
    GSWorkspaceManager.html:110:6: Warning: missing </span> before <p>
    GSWorkspaceManager.html:110:104: Warning: inserting implicit <span>
    GSWorkspaceManager.html:113:6: Warning: missing </span> before <p>
    GSWorkspaceManager.html:113:102: Warning: inserting implicit <span>
    GSWorkspaceManager.html:116:6: Warning: missing </span> before <p>
    GSWorkspaceManager.html:116:100: Warning: inserting implicit <span>
    GSWorkspaceManager.html:119:6: Warning: missing </span> before <p>
    GSWorkspaceManager.html:119:100: Warning: inserting implicit <span>
    GSWorkspaceManager.html:122:6: Warning: missing </span> before <p>
    GSWorkspaceManager.html:122:91: Warning: inserting implicit <span>
    GSWorkspaceManager.html:125:6: Warning: missing </span> before <p>
    GSWorkspaceManager.html:125:104: Warning: inserting implicit <span>
    GSWorkspaceManager.html:128:6: Warning: missing </span> before <p>
    GSWorkspaceManager.html:128:89: Warning: inserting implicit <span>
    GSWorkspaceManager.html:131:6: Warning: missing </span> before <p>
    GSWorkspaceManager.html:131:95: Warning: inserting implicit <span>
    GSWorkspaceManager.html:134:6: Warning: missing </span> before <p>
    GSWorkspaceManager.html:134:91: Warning: inserting implicit <span>
    GSWorkspaceManager.html:137:6: Warning: missing </span> before <p>
    GSWorkspaceManager.html:137:92: Warning: inserting implicit <span>
    GSWorkspaceManager.html:140:6: Warning: missing </span> before <p>
    GSWorkspaceManager.html:140:91: Warning: inserting implicit <span>
    GSWorkspaceManager.html:143:6: Warning: missing </span> before <p>
    GSWorkspaceManager.html:143:89: Warning: inserting implicit <span>
    GSWorkspaceManager.html:95:6: Warning: trimming empty <span>
    GSWorkspaceManager.html:98:6: Warning: trimming empty <span>
    GSWorkspaceManager.html:101:6: Warning: trimming empty <span>
    GSWorkspaceManager.html:104:6: Warning: trimming empty <span>
    GSWorkspaceManager.html:107:6: Warning: trimming empty <span>
    GSWorkspaceManager.html:110:6: Warning: trimming empty <span>
    GSWorkspaceManager.html:113:6: Warning: trimming empty <span>
    GSWorkspaceManager.html:116:6: Warning: trimming empty <span>
    GSWorkspaceManager.html:119:6: Warning: trimming empty <span>
    GSWorkspaceManager.html:122:6: Warning: trimming empty <span>
    GSWorkspaceManager.html:125:6: Warning: trimming empty <span>
    GSWorkspaceManager.html:128:6: Warning: trimming empty <span>
    GSWorkspaceManager.html:131:6: Warning: trimming empty <span>
    GSWorkspaceManager.html:134:6: Warning: trimming empty <span>
    GSWorkspaceManager.html:137:6: Warning: trimming empty <span>
    GSWorkspaceManager.html:140:6: Warning: trimming empty <span>
    GSWorkspaceManager.html:143:6: Warning: trimming empty <span>
    GSWorkspaceSettings.html:112:6: Warning: missing </span> before <p>
    GSWorkspaceSettings.html:112:96: Warning: inserting implicit <span>
    GSWorkspaceSettings.html:112:6: Warning: trimming empty <span>
    GSWorldImageCoverageStore.html:79:6: Warning: missing </span> before <p>
    GSWorldImageCoverageStore.html:79:96: Warning: inserting implicit <span>
    GSWorldImageCoverageStore.html:82:6: Warning: missing </span> before <p>
    GSWorldImageCoverageStore.html:82:105: Warning: inserting implicit <span>
    GSWorldImageCoverageStore.html:85:6: Warning: missing </span> before <p>
    GSWorldImageCoverageStore.html:85:101: Warning: inserting implicit <span>
    GSWorldImageCoverageStore.html:88:6: Warning: missing </span> before <p>
    GSWorldImageCoverageStore.html:88:98: Warning: inserting implicit <span>
    GSWorldImageCoverageStore.html:91:6: Warning: missing </span> before <p>
    GSWorldImageCoverageStore.html:91:105: Warning: inserting implicit <span>
    GSWorldImageCoverageStore.html:94:6: Warning: missing </span> before <p>
    GSWorldImageCoverageStore.html:94:105: Warning: inserting implicit <span>
    GSWorldImageCoverageStore.html:79:6: Warning: trimming empty <span>
    GSWorldImageCoverageStore.html:82:6: Warning: trimming empty <span>
    GSWorldImageCoverageStore.html:85:6: Warning: trimming empty <span>
    GSWorldImageCoverageStore.html:88:6: Warning: trimming empty <span>
    GSWorldImageCoverageStore.html:91:6: Warning: trimming empty <span>
    GSWorldImageCoverageStore.html:94:6: Warning: trimming empty <span>
Flavors: r-devel-linux-x86_64-debian-clang, r-devel-linux-x86_64-debian-gcc