CRAN Package Check Results for Package ggHoriPlot

Last updated on 2022-12-03 18:55:58 CET.

Flavor Version Tinstall Tcheck Ttotal Status Flags
r-devel-linux-x86_64-debian-clang 1.0.1 6.39 211.53 217.92 OK
r-devel-linux-x86_64-debian-gcc 1.0.1 6.32 148.38 154.70 OK
r-devel-linux-x86_64-fedora-clang 1.0.1 261.97 NOTE
r-devel-linux-x86_64-fedora-gcc 1.0.1 250.20 OK
r-devel-windows-x86_64 1.0.1 24.00 223.00 247.00 OK
r-patched-linux-x86_64 1.0.1 6.92 187.31 194.23 OK
r-release-linux-x86_64 1.0.1 6.63 184.60 191.23 OK
r-release-macos-arm64 1.0.1 102.00 OK
r-release-macos-x86_64 1.0.1 112.00 OK
r-release-windows-x86_64 1.0.1 31.00 233.00 264.00 OK
r-oldrel-macos-arm64 1.0.1 92.00 OK
r-oldrel-macos-x86_64 1.0.1 111.00 OK
r-oldrel-windows-ix86+x86_64 1.0.1 19.00 228.00 247.00 OK

Check Details

Version: 1.0.1
Check: Rd cross-references
Result: NOTE
    Undeclared package ‘rlang’ in Rd xrefs
Flavor: r-devel-linux-x86_64-fedora-clang