CRAN Package Check Results for Package ggalluvial

Last updated on 2022-10-05 20:55:00 CEST.

Flavor Version Tinstall Tcheck Ttotal Status Flags
r-devel-linux-x86_64-debian-clang 0.12.3 9.59 161.20 170.79 NOTE
r-devel-linux-x86_64-debian-gcc 0.12.3 8.63 114.67 123.30 NOTE
r-devel-linux-x86_64-fedora-clang 0.12.3 209.56 NOTE
r-devel-linux-x86_64-fedora-gcc 0.12.3 210.59 NOTE
r-devel-windows-x86_64 0.12.3 107.00 196.00 303.00 NOTE
r-patched-linux-x86_64 0.12.3 9.98 144.87 154.85 OK
r-release-linux-x86_64 0.12.3 8.16 142.86 151.02 OK
r-release-macos-arm64 0.12.3 67.00 OK
r-release-macos-x86_64 0.12.3 124.00 OK
r-release-windows-x86_64 0.12.3 64.00 188.00 252.00 OK
r-oldrel-macos-arm64 0.12.3 94.00 OK
r-oldrel-macos-x86_64 0.12.3 113.00 OK
r-oldrel-windows-ix86+x86_64 0.12.3 26.00 183.00 209.00 OK

Check Details

Version: 0.12.3
Check: package subdirectories
Result: NOTE
    Problems with news in 'NEWS.md':
     Cannot extract version info from the following section titles:
     earlier versions
Flavors: r-devel-linux-x86_64-debian-clang, r-devel-linux-x86_64-debian-gcc, r-devel-linux-x86_64-fedora-clang, r-devel-linux-x86_64-fedora-gcc, r-devel-windows-x86_64