CRAN Package Check Results for Package ggautomap

Last updated on 2024-07-19 09:57:17 CEST.

Flavor Version Tinstall Tcheck Ttotal Status Flags
r-devel-linux-x86_64-debian-clang 0.3.2 10.13 119.26 129.39 OK
r-devel-linux-x86_64-debian-gcc 0.3.2 6.97 91.59 98.56 OK
r-devel-linux-x86_64-fedora-clang 0.3.2 159.61 OK
r-devel-linux-x86_64-fedora-gcc 0.3.2 159.76 OK
r-devel-windows-x86_64 0.3.2 9.00 107.00 116.00 NOTE
r-patched-linux-x86_64 0.3.2 14.82 116.60 131.42 OK
r-release-linux-x86_64 0.3.2 6.28 116.43 122.71 OK
r-release-macos-arm64 0.3.2 51.00 OK
r-release-macos-x86_64 0.3.2 83.00 OK
r-release-windows-x86_64 0.3.2 9.00 105.00 114.00 OK
r-oldrel-macos-arm64 0.3.2 55.00 OK
r-oldrel-macos-x86_64 0.3.2 106.00 OK
r-oldrel-windows-x86_64 0.3.2 10.00 128.00 138.00 OK

Check Details

Version: 0.3.2
Check: Rd cross-references
Result: NOTE Found the following Rd file(s) with Rd \link{} targets missing package anchors: stat_automap.Rd: cartographer stat_automap_coords.Rd: cartographer Please provide package anchors for all Rd \link{} targets not in the package itself and the base packages. Flavor: r-devel-windows-x86_64