CRAN Package Check Results for Package ggdmc

Last updated on 2019-09-23 17:47:06 CEST.

Flavor Version Tinstall Tcheck Ttotal Status Flags
r-devel-linux-x86_64-debian-clang 0.2.6.0 108.68 56.01 164.69 OK
r-devel-linux-x86_64-debian-gcc 0.2.6.0 93.23 42.40 135.63 OK
r-devel-linux-x86_64-fedora-clang 0.2.6.0 248.02 NOTE
r-devel-linux-x86_64-fedora-gcc 0.2.6.0 235.19 OK
r-devel-windows-ix86+x86_64 0.2.6.0 338.00 134.00 472.00 OK
r-patched-linux-x86_64 0.2.6.0 98.60 55.98 154.58 OK
r-patched-solaris-x86 0.2.6.0 210.40 OK
r-release-linux-x86_64 0.2.6.0 99.31 53.41 152.72 OK
r-release-windows-ix86+x86_64 0.2.6.0 337.00 143.00 480.00 OK
r-release-osx-x86_64 0.2.6.0 NOTE
r-oldrel-windows-ix86+x86_64 0.2.6.0 224.00 81.00 305.00 OK
r-oldrel-osx-x86_64 0.2.6.0 OK

Check Details

Version: 0.2.6.0
Check: installed package size
Result: NOTE
     installed size is 6.0Mb
     sub-directories of 1Mb or more:
     libs 5.6Mb
Flavors: r-devel-linux-x86_64-fedora-clang, r-release-osx-x86_64