CRAN Package Check Results for Package ggdmc

Last updated on 2020-06-01 13:49:36 CEST.

Flavor Version Tinstall Tcheck Ttotal Status Flags
r-devel-linux-x86_64-debian-clang 0.2.6.0 137.70 61.17 198.87 OK
r-devel-linux-x86_64-debian-gcc 0.2.6.0 106.77 46.89 153.66 OK
r-devel-linux-x86_64-fedora-clang 0.2.6.0 294.27 NOTE
r-devel-linux-x86_64-fedora-gcc 0.2.6.0 248.37 OK
r-devel-windows-ix86+x86_64 0.2.6.0 339.00 116.00 455.00 OK
r-patched-linux-x86_64 0.2.6.0 107.26 59.87 167.13 OK
r-patched-solaris-x86 0.2.6.0 223.80 OK
r-release-linux-x86_64 0.2.6.0 111.97 60.93 172.90 OK
r-release-osx-x86_64 0.2.6.0 NOTE
r-release-windows-ix86+x86_64 0.2.6.0 258.00 149.00 407.00 OK
r-oldrel-osx-x86_64 0.2.6.0 NOTE
r-oldrel-windows-ix86+x86_64 0.2.6.0 242.00 100.00 342.00 OK

Check Details

Version: 0.2.6.0
Check: installed package size
Result: NOTE
     installed size is 7.0Mb
     sub-directories of 1Mb or more:
     libs 6.6Mb
Flavors: r-devel-linux-x86_64-fedora-clang, r-release-osx-x86_64, r-oldrel-osx-x86_64