CRAN Package Check Results for Package ggetho

Last updated on 2021-12-08 22:57:37 CET.

Flavor Version Tinstall Tcheck Ttotal Status Flags
r-devel-linux-x86_64-debian-clang 0.3.6 5.86 181.34 187.20 NOTE
r-devel-linux-x86_64-debian-gcc 0.3.6 4.10 117.76 121.86 NOTE
r-devel-linux-x86_64-fedora-clang 0.3.6 192.86 NOTE
r-devel-linux-x86_64-fedora-gcc 0.3.6 162.22 NOTE
r-devel-windows-x86_64-new-UL 0.3.6 15.00 181.00 196.00 NOTE
r-devel-windows-x86_64-new-TK 0.3.6 NOTE
r-devel-windows-x86_64-old 0.3.6 11.00 159.00 170.00 NOTE
r-patched-linux-x86_64 0.3.6 9.58 140.12 149.70 NOTE
r-release-linux-x86_64 0.3.6 5.57 141.81 147.38 NOTE
r-release-macos-arm64 0.3.6 NOTE
r-release-macos-x86_64 0.3.6 NOTE
r-release-windows-ix86+x86_64 0.3.6 11.00 150.00 161.00 NOTE
r-oldrel-macos-x86_64 0.3.6 OK
r-oldrel-windows-ix86+x86_64 0.3.6 15.00 156.00 171.00 OK

Check Details

Version: 0.3.6
Check: LazyData
Result: NOTE
     'LazyData' is specified without a 'data' directory
Flavors: r-devel-linux-x86_64-debian-clang, r-devel-linux-x86_64-debian-gcc, r-devel-linux-x86_64-fedora-clang, r-devel-linux-x86_64-fedora-gcc, r-devel-windows-x86_64-new-UL, r-devel-windows-x86_64-new-TK, r-devel-windows-x86_64-old, r-patched-linux-x86_64, r-release-linux-x86_64, r-release-macos-arm64, r-release-macos-x86_64, r-release-windows-ix86+x86_64