Last updated on 2023-04-01 05:50:41 CEST.
Flavor | Version | Tinstall | Tcheck | Ttotal | Status | Flags |
---|---|---|---|---|---|---|
r-devel-linux-x86_64-debian-clang | 0.4.1 | 111.67 | 167.46 | 279.13 | OK | |
r-devel-linux-x86_64-debian-gcc | 0.4.1 | 89.53 | 126.27 | 215.80 | OK | |
r-devel-linux-x86_64-fedora-clang | 0.4.1 | 357.34 | OK | |||
r-devel-linux-x86_64-fedora-gcc | 0.4.1 | 364.29 | OK | |||
r-devel-windows-x86_64 | 0.4.1 | 143.00 | 196.00 | 339.00 | OK | |
r-patched-linux-x86_64 | 0.4.1 | 91.41 | 163.53 | 254.94 | OK | |
r-release-linux-x86_64 | 0.4.1 | 87.28 | 159.59 | 246.87 | OK | |
r-release-macos-arm64 | 0.4.1 | 93.00 | NOTE | |||
r-release-macos-x86_64 | 0.4.1 | 118.00 | NOTE | |||
r-release-windows-x86_64 | 0.4.1 | 159.00 | 222.00 | 381.00 | OK | |
r-oldrel-macos-arm64 | 0.4.1 | 92.00 | NOTE | |||
r-oldrel-macos-x86_64 | 0.4.1 | 116.00 | NOTE | |||
r-oldrel-windows-ix86+x86_64 | 0.4.1 | 226.00 | 305.00 | 531.00 | OK |
Version: 0.4.1
Check: installed package size
Result: NOTE
installed size is 21.0Mb
sub-directories of 1Mb or more:
help 1.2Mb
libs 18.9Mb
Flavors: r-release-macos-arm64, r-release-macos-x86_64, r-oldrel-macos-arm64, r-oldrel-macos-x86_64