Last updated on 2023-09-23 17:54:05 CEST.
Flavor | Version | Tinstall | Tcheck | Ttotal | Status | Flags |
---|---|---|---|---|---|---|
r-devel-linux-x86_64-debian-clang | 0.10.4 | 25.17 | 303.78 | 328.95 | OK | |
r-devel-linux-x86_64-debian-gcc | 0.10.4 | 20.00 | 222.52 | 242.52 | OK | |
r-devel-linux-x86_64-fedora-clang | 0.10.4 | 396.98 | NOTE | |||
r-devel-linux-x86_64-fedora-gcc | 0.10.4 | 428.43 | OK | |||
r-devel-windows-x86_64 | 0.10.4 | 21.00 | 231.00 | 252.00 | OK | |
r-patched-linux-x86_64 | 0.10.4 | 33.25 | 290.97 | 324.22 | OK | |
r-release-linux-x86_64 | 0.10.4 | 21.18 | 292.96 | 314.14 | OK | |
r-release-macos-arm64 | 0.10.4 | 106.00 | OK | |||
r-release-macos-x86_64 | 0.10.4 | 215.00 | OK | |||
r-release-windows-x86_64 | 0.10.4 | 27.00 | 303.00 | 330.00 | OK | |
r-oldrel-macos-arm64 | 0.10.4 | 94.00 | OK | |||
r-oldrel-macos-x86_64 | 0.10.4 | 141.00 | OK | |||
r-oldrel-windows-x86_64 | 0.10.4 | 29.00 | 280.00 | 309.00 | OK |
Version: 0.10.4
Check: Rd cross-references
Result: NOTE
Undeclared package ‘akima’ in Rd xrefs
Flavor: r-devel-linux-x86_64-fedora-clang