CRAN Package Check Results for Package ggformula

Last updated on 2022-11-30 09:52:30 CET.

Flavor Version Tinstall Tcheck Ttotal Status Flags
r-devel-linux-x86_64-debian-clang 0.10.2 24.13 334.88 359.01 OK
r-devel-linux-x86_64-debian-gcc 0.10.2 18.75 236.14 254.89 OK
r-devel-linux-x86_64-fedora-clang 0.10.2 442.92 NOTE
r-devel-linux-x86_64-fedora-gcc 0.10.2 409.24 OK
r-devel-windows-x86_64 0.10.2 167.00 379.00 546.00 OK
r-patched-linux-x86_64 0.10.2 30.59 298.86 329.45 OK
r-release-linux-x86_64 0.10.2 23.33 297.53 320.86 OK
r-release-macos-arm64 0.10.2 81.00 OK
r-release-macos-x86_64 0.10.2 131.00 OK
r-release-windows-x86_64 0.10.2 174.00 365.00 539.00 OK
r-oldrel-macos-arm64 0.10.2 85.00 OK
r-oldrel-macos-x86_64 0.10.2 129.00 OK
r-oldrel-windows-ix86+x86_64 0.10.2 42.00 333.00 375.00 OK

Check Details

Version: 0.10.2
Check: Rd cross-references
Result: NOTE
    Undeclared packages ‘interp’, ‘quantreg’ in Rd xrefs
Flavor: r-devel-linux-x86_64-fedora-clang