CRAN Package Check Results for Package gginference

Last updated on 2023-05-31 23:27:20 CEST.

Flavor Version Tinstall Tcheck Ttotal Status Flags
r-devel-linux-x86_64-debian-clang 0.1.3 5.93 53.70 59.63 OK
r-devel-linux-x86_64-debian-gcc 0.1.3 4.73 40.89 45.62 OK
r-devel-linux-x86_64-fedora-clang 0.1.3 74.93 NOTE
r-devel-linux-x86_64-fedora-gcc 0.1.3 74.83 NOTE
r-devel-windows-x86_64 0.1.3 9.00 62.00 71.00 OK
r-patched-linux-x86_64 0.1.3 OK
r-release-linux-x86_64 0.1.3 5.30 50.92 56.22 OK
r-release-macos-arm64 0.1.3 26.00 OK
r-release-macos-x86_64 0.1.3 40.00 OK
r-release-windows-x86_64 0.1.3 9.00 70.00 79.00 OK
r-oldrel-macos-arm64 0.1.3 25.00 NOTE
r-oldrel-macos-x86_64 0.1.3 45.00 NOTE
r-oldrel-windows-x86_64 0.1.3 8.00 69.00 77.00 OK

Check Details

Version: 0.1.3
Check: dependencies in R code
Result: NOTE
    Namespace in Imports field not imported from: ‘utils’
     All declared Imports should be used.
Flavors: r-devel-linux-x86_64-fedora-clang, r-devel-linux-x86_64-fedora-gcc, r-oldrel-macos-arm64, r-oldrel-macos-x86_64