CRAN Package Check Results for Package ggm

Last updated on 2024-07-22 23:55:58 CEST.

Flavor Version Tinstall Tcheck Ttotal Status Flags
r-devel-linux-x86_64-debian-clang 2.5.1 13.86 99.28 113.14 OK
r-devel-linux-x86_64-debian-gcc 2.5.1 8.98 72.51 81.49 NOTE
r-devel-linux-x86_64-fedora-clang 2.5.1 137.39 OK
r-devel-linux-x86_64-fedora-gcc 2.5.1 132.25 OK
r-devel-windows-x86_64 2.5.1 11.00 100.00 111.00 NOTE
r-patched-linux-x86_64 2.5.1 15.78 95.05 110.83 OK
r-release-linux-x86_64 2.5.1 12.15 91.42 103.57 OK
r-release-macos-arm64 2.5.1 47.00 OK
r-release-macos-x86_64 2.5.1 80.00 OK
r-release-windows-x86_64 2.5.1 11.00 99.00 110.00 OK
r-oldrel-macos-arm64 2.5.1 45.00 OK
r-oldrel-macos-x86_64 2.5.1 98.00 OK
r-oldrel-windows-x86_64 2.5.1 13.00 115.00 128.00 OK

Check Details

Version: 2.5.1
Check: Rd cross-references
Result: NOTE Found the following Rd file(s) with Rd \link{} targets missing package anchors: AG.Rd: igraph MAG.Rd: igraph MRG.Rd: igraph MSG.Rd: igraph MarkEqMag.Rd: igraph MarkEqRcg.Rd: igraph Max.Rd: igraph RG.Rd: igraph RepMarBG.Rd: igraph RepMarDAG.Rd: igraph RepMarUG.Rd: igraph SG.Rd: igraph ggm.Rd: cliques grMAT.Rd: igraph msep.Rd: igraph null.Rd: Null plotGraph.Rd: igraph, tkplot, plot.igraph Please provide package anchors for all Rd \link{} targets not in the package itself and the base packages. Flavors: r-devel-linux-x86_64-debian-gcc, r-devel-windows-x86_64