CRAN Package Check Results for Package ggnetwork

Last updated on 2019-09-22 08:48:15 CEST.

Flavor Version Tinstall Tcheck Ttotal Status Flags
r-devel-linux-x86_64-debian-clang 0.5.1 4.27 66.86 71.13 OK
r-devel-linux-x86_64-debian-gcc 0.5.1 3.36 52.18 55.54 OK
r-devel-linux-x86_64-fedora-clang 0.5.1 83.82 OK
r-devel-linux-x86_64-fedora-gcc 0.5.1 82.86 OK
r-devel-windows-ix86+x86_64 0.5.1 17.00 75.00 92.00 OK
r-patched-linux-x86_64 0.5.1 3.85 64.60 68.45 OK
r-patched-solaris-x86 0.5.1 103.50 OK
r-release-linux-x86_64 0.5.1 3.98 65.30 69.28 OK
r-release-windows-ix86+x86_64 0.5.1 9.00 71.00 80.00 OK
r-release-osx-x86_64 0.5.1 OK
r-oldrel-windows-ix86+x86_64 0.5.1 6.00 69.00 75.00 WARN
r-oldrel-osx-x86_64 0.5.1 OK

Check Details

Version: 0.5.1
Check: whether package can be installed
Result: WARN
    Found the following significant warnings:
     Warning: S3 methods '[.fun_list', '[.grouped_df', 'all.equal.tbl_df', 'anti_join.data.frame', 'anti_join.tbl_df', 'arrange.data.frame', 'arrange.default', 'arrange.grouped_df', 'arrange.tbl_df', 'arrange_.data.frame', 'arrange_.tbl_df', 'as.data.frame.grouped_df', 'as.data.frame.rowwise_df', 'as.data.frame.tbl_cube', 'as.table.tbl_cube', 'as.tbl.data.frame', 'as.tbl.tbl', 'as.tbl_cube.array', 'as.tbl_cube.data.frame', 'as.tbl_cube.matrix', 'as.tbl_cube.table', 'as_tibble.grouped_df', 'as_tibble.tbl_cube', 'auto_copy.tbl_cube', 'auto_copy.tbl_df', 'cbind.grouped_df', 'collapse.data.frame', 'collect.data.frame', 'common_by.NULL', 'common_by.character', 'common_by.default', 'common_by.list', 'compute.data.frame', 'copy_to.DBIConnection', 'copy_to.src_local', 'default_missing.data.frame', 'default_missing.default', 'dim.tbl_cube', 'distinct.data.frame', 'distinct.default', 'distinct.grouped_df', 'distinct.tbl_df', 'distinct_.data.frame', 'distinct_.grouped_df', 'distinct_.tbl_df', 'do.NULL', 'do.da [... truncated]
Flavor: r-oldrel-windows-ix86+x86_64