CRAN Package Check Results for Package ggplotAssist

Last updated on 2020-12-03 10:49:04 CET.

Flavor Version Tinstall Tcheck Ttotal Status Flags
r-devel-linux-x86_64-debian-clang 0.1.3 8.71 64.55 73.26 OK
r-devel-linux-x86_64-debian-gcc 0.1.3 7.64 49.82 57.46 OK
r-devel-linux-x86_64-fedora-clang 0.1.3 93.52 NOTE
r-devel-linux-x86_64-fedora-gcc 0.1.3 81.21 NOTE
r-devel-windows-ix86+x86_64 0.1.3 19.00 84.00 103.00 OK
r-patched-linux-x86_64 0.1.3 9.32 60.33 69.65 OK
r-patched-solaris-x86 0.1.3 122.60 NOTE
r-release-linux-x86_64 0.1.3 9.07 59.66 68.73 OK
r-release-macos-x86_64 0.1.3 NOTE
r-release-windows-ix86+x86_64 0.1.3 16.00 67.00 83.00 OK
r-oldrel-macos-x86_64 0.1.3 NOTE
r-oldrel-windows-ix86+x86_64 0.1.3 18.00 79.00 97.00 OK

Check Details

Version: 0.1.3
Check: dependencies in R code
Result: NOTE
    Namespaces in Imports field not imported from:
     ‘gcookbook’ ‘ggthemes’ ‘moonBook’ ‘tidyverse’
     All declared Imports should be used.
Flavors: r-devel-linux-x86_64-fedora-clang, r-devel-linux-x86_64-fedora-gcc, r-patched-solaris-x86, r-release-macos-x86_64, r-oldrel-macos-x86_64