CRAN Package Check Results for Package ggraph

Last updated on 2019-08-17 10:47:40 CEST.

Flavor Version Tinstall Tcheck Ttotal Status Flags
r-devel-linux-x86_64-debian-clang 1.0.2 54.35 160.95 215.30 OK
r-devel-linux-x86_64-debian-gcc 1.0.2 41.06 122.28 163.34 OK
r-devel-linux-x86_64-fedora-clang 1.0.2 274.47 NOTE
r-devel-linux-x86_64-fedora-gcc 1.0.2 271.42 OK
r-devel-windows-ix86+x86_64 1.0.2 144.00 362.00 506.00 NOTE
r-patched-linux-x86_64 1.0.2 50.77 157.03 207.80 OK
r-patched-solaris-x86 1.0.2 348.90 OK
r-release-linux-x86_64 1.0.2 49.91 157.56 207.47 OK
r-release-windows-ix86+x86_64 1.0.2 136.00 364.00 500.00 NOTE
r-release-osx-x86_64 1.0.2 NOTE
r-oldrel-windows-ix86+x86_64 1.0.2 137.00 354.00 491.00 NOTE
r-oldrel-osx-x86_64 1.0.2 NOTE

Check Details

Version: 1.0.2
Check: installed package size
Result: NOTE
     installed size is 6.0Mb
     sub-directories of 1Mb or more:
     doc 3.0Mb
     libs 2.0Mb
Flavors: r-devel-linux-x86_64-fedora-clang, r-devel-windows-ix86+x86_64, r-release-windows-ix86+x86_64, r-release-osx-x86_64, r-oldrel-windows-ix86+x86_64, r-oldrel-osx-x86_64