CRAN Package Check Results for Package ggraptR

Last updated on 2020-02-21 00:49:41 CET.

Flavor Version Tinstall Tcheck Ttotal Status Flags
r-devel-linux-x86_64-debian-clang 1.2 5.26 46.10 51.36 OK
r-devel-linux-x86_64-debian-gcc 1.2 4.30 34.67 38.97 OK
r-devel-linux-x86_64-fedora-clang 1.2 62.86 OK
r-devel-linux-x86_64-fedora-gcc 1.2 59.77 OK
r-devel-windows-ix86+x86_64 1.2 15.00 76.00 91.00 OK
r-devel-windows-ix86+x86_64-gcc8 1.2 26.00 417.00 443.00 OK
r-patched-linux-x86_64 1.2 4.57 39.50 44.07 OK
r-patched-solaris-x86 1.2 132.20 OK
r-release-linux-x86_64 1.2 4.56 39.07 43.63 OK
r-release-windows-ix86+x86_64 1.2 15.00 76.00 91.00 OK
r-release-osx-x86_64 1.2 OK
r-oldrel-windows-ix86+x86_64 1.2 10.00 105.00 115.00 ERROR
r-oldrel-osx-x86_64 1.2 OK

Check Details

Version: 1.2
Check: tests
Result: ERROR
     Running 'testthat.R' [53s]
    Running the tests in 'tests/testthat.R' failed.
    Complete output:
     > pacman::p_load(testthat, ggraptR)
     Installing package into 'D:/temp/Rtmpuy7ybD/RLIBS_1cd001eab4d62'
     (as 'lib' is unspecified)
     also installing the dependencies 'ps', 'processx', 'callr', 'prettyunits', 'backports', 'desc', 'pkgbuild', 'rprojroot', 'rstudioapi', 'pkgload', 'praise'
    
     Warning: unable to access index for repository http://www.stats.ox.ac.uk/pub/RWin/bin/windows/contrib/3.5:
     cannot open URL 'http://www.stats.ox.ac.uk/pub/RWin/bin/windows/contrib/3.5/PACKAGES'
     trying URL 'http://cran.rstudio.com/bin/windows/contrib/3.5/ps_1.3.2.zip'
     Content type 'application/zip' length 308383 bytes (301 KB)
     ==================================================
     downloaded 301 KB
    
     trying URL 'http://cran.rstudio.com/bin/windows/contrib/3.5/processx_3.4.2.zip'
     Content type 'application/zip' length 425949 bytes (415 KB)
     ==================================================
     downloaded 415 KB
    
     trying URL 'http://cran.rstudio.com/bin/windows/contrib/3.5/callr_3.4.2.zip'
     Content type 'application/zip' length 386769 bytes (377 KB)
     ==================================================
     downloaded 377 KB
    
     trying URL 'http://cran.rstudio.com/bin/windows/contrib/3.5/prettyunits_1.1.1.zip'
     Content type 'application/zip' length 37282 bytes (36 KB)
     ==================================================
     downloaded 36 KB
    
     trying URL 'http://cran.rstudio.com/bin/windows/contrib/3.5/backports_1.1.5.zip'
     Content type 'application/zip' length 67825 bytes (66 KB)
     ==================================================
     downloaded 66 KB
    
     trying URL 'http://cran.rstudio.com/bin/windows/contrib/3.5/desc_1.2.0.zip'
     Content type 'application/zip' length 285324 bytes (278 KB)
     ==================================================
     downloaded 278 KB
    
     trying URL 'http://cran.rstudio.com/bin/windows/contrib/3.5/pkgbuild_1.0.6.zip'
     Content type 'application/zip' length 134188 bytes (131 KB)
     ==================================================
     downloaded 131 KB
    
     trying URL 'http://cran.rstudio.com/bin/windows/contrib/3.5/rprojroot_1.3-2.zip'
     Content type 'application/zip' length 83962 bytes (81 KB)
     ==================================================
     downloaded 81 KB
    
     trying URL 'http://cran.rstudio.com/bin/windows/contrib/3.5/rstudioapi_0.11.zip'
     Content type 'application/zip' length 277820 bytes (271 KB)
     ==================================================
     downloaded 271 KB
    
     trying URL 'http://cran.rstudio.com/bin/windows/contrib/3.5/pkgload_1.0.2.zip'
     Content type 'application/zip' length 155256 bytes (151 KB)
     ==================================================
     downloaded 151 KB
    
     trying URL 'http://cran.rstudio.com/bin/windows/contrib/3.5/praise_1.0.0.zip'
     Content type 'application/zip' length 19473 bytes (19 KB)
     ==================================================
     downloaded 19 KB
    
     trying URL 'http://cran.rstudio.com/bin/windows/contrib/3.5/testthat_2.3.1.zip'
     Content type 'application/zip' length 1808016 bytes (1.7 MB)
     =============================================
     downloaded 1.6 MB
    
     package 'ps' successfully unpacked and MD5 sums checked
     package 'processx' successfully unpacked and MD5 sums checked
     package 'callr' successfully unpacked and MD5 sums checked
     package 'prettyunits' successfully unpacked and MD5 sums checked
     package 'backports' successfully unpacked and MD5 sums checked
     package 'desc' successfully unpacked and MD5 sums checked
     package 'pkgbuild' successfully unpacked and MD5 sums checked
     package 'rprojroot' successfully unpacked and MD5 sums checked
     package 'rstudioapi' successfully unpacked and MD5 sums checked
     package 'pkgload' successfully unpacked and MD5 sums checked
     package 'praise' successfully unpacked and MD5 sums checked
     Error in read.dcf(file.path(pkgname, "DESCRIPTION"), c("Package", "Type")) :
     cannot open the connection
     Calls: <Anonymous> ... <Anonymous> -> .install.winbinary -> unpackPkgZip -> read.dcf
     In addition: Warning messages:
     1: In download.file(url, destfile, method, mode = "wb", ...) :
     downloaded length 1634304 != reported length 1808016
     2: In unzip(zipname, exdir = dest) : error 1 in extracting from zip file
     3: In read.dcf(file.path(pkgname, "DESCRIPTION"), c("Package", "Type")) :
     cannot open compressed file 'testthat/DESCRIPTION', probable reason 'No such file or directory'
     Execution halted
Flavor: r-oldrel-windows-ix86+x86_64