CRAN Package Check Results for Package ggridges

Last updated on 2024-06-12 18:59:38 CEST.

Flavor Version Tinstall Tcheck Ttotal Status Flags
r-devel-linux-x86_64-debian-clang 0.5.6 6.61 128.32 134.93 OK
r-devel-linux-x86_64-debian-gcc 0.5.6 0.57 1.87 2.44 ERROR
r-devel-linux-x86_64-fedora-clang 0.5.6 181.50 NOTE
r-devel-linux-x86_64-fedora-gcc 0.5.6 180.63 NOTE
r-devel-windows-x86_64 0.5.6 9.00 105.00 114.00 OK
r-patched-linux-x86_64 0.5.6 11.16 123.32 134.48 OK
r-release-linux-x86_64 0.5.6 9.41 125.68 135.09 OK
r-release-macos-arm64 0.5.6 53.00 OK
r-release-macos-x86_64 0.5.6 88.00 OK
r-release-windows-x86_64 0.5.6 10.00 126.00 136.00 OK
r-oldrel-macos-arm64 0.5.6 65.00 OK
r-oldrel-macos-x86_64 0.5.6 110.00 OK
r-oldrel-windows-x86_64 0.5.6 12.00 124.00 136.00 OK

Check Details

Version: 0.5.6
Check: package dependencies
Result: ERROR Package required but not available: ‘ggplot2’ Packages suggested but not available for checking: 'dplyr', 'patchwork', 'forcats', 'testthat', 'vdiffr' See section ‘The DESCRIPTION file’ in the ‘Writing R Extensions’ manual. Flavor: r-devel-linux-x86_64-debian-gcc

Version: 0.5.6
Check: data for non-ASCII characters
Result: NOTE Note: found 6242 marked UTF-8 strings Flavors: r-devel-linux-x86_64-fedora-clang, r-devel-linux-x86_64-fedora-gcc