CRAN Package Check Results for Package ggsci

Last updated on 2022-11-30 09:52:30 CET.

Flavor Version Tinstall Tcheck Ttotal Status Flags
r-devel-linux-x86_64-debian-clang 2.9 6.03 136.71 142.74 NOTE
r-devel-linux-x86_64-debian-gcc 2.9 4.43 98.67 103.10 NOTE
r-devel-linux-x86_64-fedora-clang 2.9 178.78 NOTE
r-devel-linux-x86_64-fedora-gcc 2.9 173.33 NOTE
r-devel-windows-x86_64 2.9 33.00 186.00 219.00 NOTE
r-patched-linux-x86_64 2.9 6.25 126.77 133.02 NOTE
r-release-linux-x86_64 2.9 6.05 126.29 132.34 NOTE
r-release-macos-arm64 2.9 58.00 NOTE
r-release-macos-x86_64 2.9 74.00 NOTE
r-release-windows-x86_64 2.9 34.00 184.00 218.00 NOTE
r-oldrel-macos-arm64 2.9 89.00 NOTE
r-oldrel-macos-x86_64 2.9 84.00 NOTE
r-oldrel-windows-ix86+x86_64 2.9 15.00 157.00 172.00 NOTE

Check Details

Version: 2.9
Check: LazyData
Result: NOTE
     'LazyData' is specified without a 'data' directory
Flavors: r-devel-linux-x86_64-debian-clang, r-devel-linux-x86_64-debian-gcc, r-devel-linux-x86_64-fedora-clang, r-devel-linux-x86_64-fedora-gcc, r-devel-windows-x86_64, r-patched-linux-x86_64, r-release-linux-x86_64, r-release-macos-arm64, r-release-macos-x86_64, r-release-windows-x86_64, r-oldrel-macos-arm64, r-oldrel-macos-x86_64, r-oldrel-windows-ix86+x86_64