CRAN Package Check Results for Package ggsci

Last updated on 2024-02-21 01:49:20 CET.

Flavor Version Tinstall Tcheck Ttotal Status Flags
r-devel-linux-x86_64-debian-clang 3.0.0 NOTE
r-devel-linux-x86_64-debian-gcc 3.0.0 5.62 107.34 112.96 NOTE
r-devel-linux-x86_64-fedora-clang 3.0.0 180.58 OK
r-devel-linux-x86_64-fedora-gcc 3.0.0 186.89 OK
r-devel-windows-x86_64 3.0.0 8.00 128.00 136.00 OK
r-patched-linux-x86_64 3.0.0 7.84 140.56 148.40 OK
r-release-linux-x86_64 3.0.0 6.29 139.67 145.96 OK
r-release-macos-arm64 3.0.0 65.00 OK
r-release-macos-x86_64 3.0.0 104.00 OK
r-release-windows-x86_64 3.0.0 10.00 158.00 168.00 OK
r-oldrel-macos-arm64 3.0.0 54.00 OK
r-oldrel-windows-x86_64 3.0.0 9.00 154.00 163.00 OK

Check Details

Version: 3.0.0
Check: Rd files
Result: NOTE checkRd: (-1) pal_igv.Rd:28: Lost braces 28 | James T. Robinson, Helga Thorvaldsd\'{o}ttir, Wendy Winckler, | ^ Flavors: r-devel-linux-x86_64-debian-clang, r-devel-linux-x86_64-debian-gcc