CRAN Package Check Results for Package ggseg3d

Last updated on 2022-10-04 17:52:43 CEST.

Flavor Version Tinstall Tcheck Ttotal Status Flags
r-devel-linux-x86_64-debian-clang 1.6.3 17.30 97.10 114.40 OK
r-devel-linux-x86_64-debian-gcc 1.6.3 16.83 71.63 88.46 OK
r-devel-linux-x86_64-fedora-clang 1.6.3 153.24 NOTE
r-devel-linux-x86_64-fedora-gcc 1.6.3 153.34 NOTE
r-devel-windows-x86_64 1.6.3 23.00 119.00 142.00 OK
r-patched-linux-x86_64 1.6.3 18.76 89.41 108.17 OK
r-release-linux-x86_64 1.6.3 17.11 91.24 108.35 OK
r-release-macos-arm64 1.6.3 45.00 NOTE
r-release-macos-x86_64 1.6.3 73.00 NOTE
r-release-windows-x86_64 1.6.3 27.00 121.00 148.00 OK
r-oldrel-macos-arm64 1.6.3 57.00 NOTE
r-oldrel-macos-x86_64 1.6.3 57.00 NOTE
r-oldrel-windows-ix86+x86_64 1.6.3 33.00 119.00 152.00 OK

Check Details

Version: 1.6.3
Check: dependencies in R code
Result: NOTE
    Namespaces in Imports field not imported from:
     ‘magrittr’ ‘utils’
     All declared Imports should be used.
Flavors: r-devel-linux-x86_64-fedora-clang, r-devel-linux-x86_64-fedora-gcc, r-release-macos-arm64, r-release-macos-x86_64, r-oldrel-macos-arm64, r-oldrel-macos-x86_64