Last updated on 2021-02-28 13:47:30 CET.
Flavor | Version | Tinstall | Tcheck | Ttotal | Status | Flags |
---|---|---|---|---|---|---|
r-devel-linux-x86_64-debian-clang | 4.2.4 | 8.59 | 103.48 | 112.07 | OK | |
r-devel-linux-x86_64-debian-gcc | 4.2.4 | 6.73 | 75.44 | 82.17 | OK | |
r-devel-linux-x86_64-fedora-clang | 4.2.4 | 137.80 | NOTE | |||
r-devel-linux-x86_64-fedora-gcc | 4.2.4 | 124.61 | NOTE | |||
r-devel-windows-ix86+x86_64 | 4.2.4 | 15.00 | 101.00 | 116.00 | OK | |
r-patched-linux-x86_64 | 4.2.4 | 9.22 | 94.39 | 103.61 | OK | |
r-patched-solaris-x86 | 4.2.4 | 166.80 | NOTE | |||
r-release-linux-x86_64 | 4.2.4 | 9.92 | 94.70 | 104.62 | OK | |
r-release-macos-x86_64 | 4.2.4 | NOTE | ||||
r-release-windows-ix86+x86_64 | 4.2.4 | 21.00 | 136.00 | 157.00 | OK | |
r-oldrel-macos-x86_64 | 4.2.4 | NOTE | ||||
r-oldrel-windows-ix86+x86_64 | 4.2.4 | 12.00 | 126.00 | 138.00 | OK |
Version: 4.2.4
Check: data for non-ASCII characters
Result: NOTE
Note: found 138 marked UTF-8 strings
Flavors: r-devel-linux-x86_64-fedora-clang, r-devel-linux-x86_64-fedora-gcc, r-patched-solaris-x86, r-release-macos-x86_64, r-oldrel-macos-x86_64