CRAN Package Check Results for Package ggthemes

Last updated on 2019-08-25 13:47:09 CEST.

Flavor Version Tinstall Tcheck Ttotal Status Flags
r-devel-linux-x86_64-debian-clang 4.2.0 8.20 86.29 94.49 OK
r-devel-linux-x86_64-debian-gcc 4.2.0 5.98 66.20 72.18 OK
r-devel-linux-x86_64-fedora-clang 4.2.0 108.90 NOTE
r-devel-linux-x86_64-fedora-gcc 4.2.0 111.45 NOTE
r-devel-windows-ix86+x86_64 4.2.0 18.00 102.00 120.00 OK
r-patched-linux-x86_64 4.2.0 7.45 84.23 91.68 OK
r-patched-solaris-x86 4.2.0 156.80 NOTE
r-release-linux-x86_64 4.2.0 7.94 83.03 90.97 OK
r-release-windows-ix86+x86_64 4.2.0 27.00 148.00 175.00 OK
r-release-osx-x86_64 4.2.0 NOTE
r-oldrel-windows-ix86+x86_64 4.2.0 24.00 99.00 123.00 OK
r-oldrel-osx-x86_64 4.2.0 NOTE

Check Details

Version: 4.2.0
Check: data for non-ASCII characters
Result: NOTE
     Note: found 138 marked UTF-8 strings
Flavors: r-devel-linux-x86_64-fedora-clang, r-devel-linux-x86_64-fedora-gcc, r-patched-solaris-x86, r-release-osx-x86_64, r-oldrel-osx-x86_64