Last updated on 2023-12-02 03:57:41 CET.
Flavor | Version | Tinstall | Tcheck | Ttotal | Status | Flags |
---|---|---|---|---|---|---|
r-devel-linux-x86_64-debian-clang | 0.1 | 6.29 | 47.59 | 53.88 | NOTE | |
r-devel-linux-x86_64-debian-gcc | 0.1 | 4.44 | 36.34 | 40.78 | NOTE | |
r-devel-linux-x86_64-fedora-clang | 0.1 | 68.37 | NOTE | |||
r-devel-linux-x86_64-fedora-gcc | 0.1 | 64.32 | NOTE | |||
r-devel-windows-x86_64 | 0.1 | 6.00 | 58.00 | 64.00 | NOTE | |
r-patched-linux-x86_64 | 0.1 | 3.74 | 46.05 | 49.79 | NOTE | |
r-release-linux-x86_64 | 0.1 | 3.77 | 45.39 | 49.16 | NOTE | |
r-release-macos-arm64 | 0.1 | 25.00 | NOTE | |||
r-release-macos-x86_64 | 0.1 | 35.00 | NOTE | |||
r-release-windows-x86_64 | 0.1 | 8.00 | 60.00 | 68.00 | NOTE | |
r-oldrel-macos-arm64 | 0.1 | 22.00 | NOTE | |||
r-oldrel-macos-x86_64 | 0.1 | 42.00 | NOTE | |||
r-oldrel-windows-x86_64 | 0.1 | 10.00 | 65.00 | 75.00 | NOTE |
Version: 0.1
Check: LazyData
Result: NOTE
'LazyData' is specified without a 'data' directory
Flavors: r-devel-linux-x86_64-debian-clang, r-devel-linux-x86_64-debian-gcc, r-devel-linux-x86_64-fedora-clang, r-devel-linux-x86_64-fedora-gcc, r-devel-windows-x86_64, r-patched-linux-x86_64, r-release-linux-x86_64, r-release-macos-arm64, r-release-macos-x86_64, r-release-windows-x86_64, r-oldrel-macos-arm64, r-oldrel-macos-x86_64, r-oldrel-windows-x86_64