CRAN Package Check Results for Package gkgraphR

Last updated on 2023-06-06 06:53:45 CEST.

Flavor Version Tinstall Tcheck Ttotal Status Flags
r-devel-linux-x86_64-debian-clang 1.0.2 2.28 22.34 24.62 NOTE
r-devel-linux-x86_64-debian-gcc 1.0.2 1.69 17.74 19.43 NOTE
r-devel-linux-x86_64-fedora-clang 1.0.2 32.36 NOTE
r-devel-linux-x86_64-fedora-gcc 1.0.2 42.07 NOTE
r-devel-windows-x86_64 1.0.2 4.00 40.00 44.00 NOTE
r-patched-linux-x86_64 1.0.2 1.84 22.52 24.36 NOTE
r-release-linux-x86_64 1.0.2 2.01 22.10 24.11 NOTE
r-release-macos-arm64 1.0.2 22.00 NOTE
r-release-macos-x86_64 1.0.2 28.00 NOTE
r-release-windows-x86_64 1.0.2 4.00 47.00 51.00 NOTE
r-oldrel-macos-arm64 1.0.2 17.00 OK
r-oldrel-macos-x86_64 1.0.2 22.00 OK
r-oldrel-windows-x86_64 1.0.2 4.00 43.00 47.00 OK

Check Details

Version: 1.0.2
Check: package subdirectories
Result: NOTE
    Problems with news in ‘NEWS.md’:
    No news entries found.
Flavors: r-devel-linux-x86_64-debian-clang, r-devel-linux-x86_64-debian-gcc, r-devel-linux-x86_64-fedora-clang, r-devel-linux-x86_64-fedora-gcc, r-devel-windows-x86_64, r-patched-linux-x86_64, r-release-linux-x86_64, r-release-macos-arm64, r-release-macos-x86_64, r-release-windows-x86_64